{"id":1742,"date":"2023-01-25T17:52:14","date_gmt":"2023-01-25T16:52:14","guid":{"rendered":"https:\/\/turismo.segorbe.es\/catedral-basilica\/"},"modified":"2023-09-16T15:04:15","modified_gmt":"2023-09-16T14:04:15","slug":"catedral-basilica","status":"publish","type":"page","link":"https:\/\/turismo.segorbe.es\/fr\/patrimonio\/patrimonio-religioso\/catedral-basilica\/","title":{"rendered":"Cath\u00e9drale"},"content":{"rendered":"","protected":false},"excerpt":{"rendered":"","protected":false},"author":1,"featured_media":0,"parent":2742,"menu_order":0,"comment_status":"closed","ping_status":"closed","template":"","meta":{"_acf_changed":false,"footnotes":""},"class_list":["post-1742","page","type-page","status-publish","hentry"],"acf":{"contenido":[{"acf_fc_layout":"titulo","titulo_pequeno":true,"fondo":""},{"acf_fc_layout":"galeria","full":true,"imagenes":[1743,3105,3108,3111,3114,3117],"fondo":""},{"acf_fc_layout":"texto","diseno":"peq","texto":"La Cath\u00e9drale Basilique de Santa Mar\u00eda de Segorbe, construite sur l\u2019ancienne mosqu\u00e9e apr\u00e8s la conqu\u00eate de ces terres par la Couronne d\u2019Aragon, con\u00e7ue en style gothique, au XII<sup>\u00e8me <\/sup>si\u00e8cle et adoss\u00e9e \u00e0 la muraille sud de la ville, s\u2019est peu \u00e0 peu agrandie au cours des si\u00e8cles, toujours vers le nord, lors de si\u00e8cles successifs. La derni\u00e8re grande r\u00e9novation fut r\u00e9alis\u00e9e au XVIII<sup>\u00e8me <\/sup>si\u00e8cle pour l\u2019adapter aux go\u00fbts illustr\u00e9s de l\u2019\u00e9poque.\r\n\r\n&nbsp;\r\n\r\nLa Cath\u00e9drale est un ensemble artistique form\u00e9 par le Temple, la Torre Campanario (la Tour Clocher), le Clo\u00eetre et le Mus\u00e9e de la Cath\u00e9drale.\r\n\r\n&nbsp;\r\n\r\nLa physionomie du Temple s\u2019est transform\u00e9e au fur et \u00e0 mesure des agrandissements, incorporant des nouveaux styles selon le si\u00e8cle de leur r\u00e9alisation. La r\u00e9novation effectu\u00e9e entre 1791 et 1795 est mise en valeur par son importance, r\u00e9novation dans laquelle l\u2019architecte Vicente Gasc\u00f3, Segorbe ayant alors pour \u00e9v\u00eaque Lorenzo G\u00f3mez de Ahedo, a r\u00e9utilis\u00e9 les mat\u00e9riaux extraits de la d\u00e9molition totale du Ch\u00e2teau de Sope\u00f1a pour sa reconstruction, en la transformant en l\u2019unique exemplaire purement relatif \u00e0 l\u2019acad\u00e9misme de l\u2019architecture religieuse en Espagne, o\u00f9 nous pourrons admirer dans sa nef, les peintures de Jos\u00e9 Vergara et, surtout, les fresques de la vo\u00fbte, \u0153uvre de Manuel Camar\u00f3n et Luis Planes.\r\n\r\n&nbsp;\r\n\r\nLe paisible Clo\u00eetre gothique construit entre les XIII<sup>\u00e8me<\/sup> et XIV<sup>\u00e8me <\/sup>si\u00e8cles, invite \u00e0 la m\u00e9ditation, et l\u2019on peut remarquer sa base trap\u00e9zo\u00efdale due \u00e0 la proximit\u00e9 de la muraille. Autour du temple, sont encore conserv\u00e9es sept des chapelles d\u2019origine, parmi lesquelles on remarque la Chapelle du Sauveur (Capilla del Salvador) (XVI<sup>\u00e8me <\/sup>si\u00e8cle). Nous la d\u00e9couvrons derri\u00e8re la porte baroque dor\u00e9e originaire de la Cartuja de Valldecrist, encadr\u00e9e par un beau portail gothique. \u00c0 l\u2019int\u00e9rieur nous pouvons contempler le saisissant s\u00e9pulcre des Vallterra et le grand Retable Majeur de la Cath\u00e9drale (XVI<sup>\u00e8me <\/sup>si\u00e8cle), de l\u2019\u00e9minent peintre valencien Vicente Macip et de son fils Juan de Juanes, \u0153uvre cl\u00e9 de la peinture de la renaissance espagnole.\r\n\r\nLe Mus\u00e9e de la Cath\u00e9drale est consid\u00e9r\u00e9 comme l\u2019un des plus importants de l\u2019art sacr\u00e9 de la Communaut\u00e9 Valencienne.","fondo":""}]},"_links":{"self":[{"href":"https:\/\/turismo.segorbe.es\/fr\/wp-json\/wp\/v2\/pages\/1742","targetHints":{"allow":["GET"]}}],"collection":[{"href":"https:\/\/turismo.segorbe.es\/fr\/wp-json\/wp\/v2\/pages"}],"about":[{"href":"https:\/\/turismo.segorbe.es\/fr\/wp-json\/wp\/v2\/types\/page"}],"author":[{"embeddable":true,"href":"https:\/\/turismo.segorbe.es\/fr\/wp-json\/wp\/v2\/users\/1"}],"replies":[{"embeddable":true,"href":"https:\/\/turismo.segorbe.es\/fr\/wp-json\/wp\/v2\/comments?post=1742"}],"version-history":[{"count":0,"href":"https:\/\/turismo.segorbe.es\/fr\/wp-json\/wp\/v2\/pages\/1742\/revisions"}],"up":[{"embeddable":true,"href":"https:\/\/turismo.segorbe.es\/fr\/wp-json\/wp\/v2\/pages\/2742"}],"wp:attachment":[{"href":"https:\/\/turismo.segorbe.es\/fr\/wp-json\/wp\/v2\/media?parent=1742"}],"curies":[{"name":"wp","href":"https:\/\/api.w.org\/{rel}","templated":true}]}}

Cathédrale

La Cathédrale Basilique de Santa María de Segorbe, construite sur l’ancienne mosquée après la conquête de ces terres par la Couronne d’Aragon, conçue en style gothique, au XII<sup>ème </sup>siècle et adossée à la muraille sud de la ville, s’est peu à peu agrandie au cours des siècles, toujours vers le nord, lors de siècles successifs. La dernière grande rénovation fut réalisée au XVIII<sup>ème </sup>siècle pour l’adapter aux goûts illustrés de l’époque.

&nbsp;

La Cathédrale est un ensemble artistique formé par le Temple, la Torre Campanario (la Tour Clocher), le Cloître et le Musée de la Cathédrale.

&nbsp;

La physionomie du Temple s’est transformée au fur et à mesure des agrandissements, incorporant des nouveaux styles selon le siècle de leur réalisation. La rénovation effectuée entre 1791 et 1795 est mise en valeur par son importance, rénovation dans laquelle l’architecte Vicente Gascó, Segorbe ayant alors pour évêque Lorenzo Gómez de Ahedo, a réutilisé les matériaux extraits de la démolition totale du Château de Sopeña pour sa reconstruction, en la transformant en l’unique exemplaire purement relatif à l’académisme de l’architecture religieuse en Espagne, où nous pourrons admirer dans sa nef, les peintures de José Vergara et, surtout, les fresques de la voûte, œuvre de Manuel Camarón et Luis Planes.

&nbsp;

Le paisible Cloître gothique construit entre les XIII<sup>ème</sup> et XIV<sup>ème </sup>siècles, invite à la méditation, et l’on peut remarquer sa base trapézoïdale due à la proximité de la muraille. Autour du temple, sont encore conservées sept des chapelles d’origine, parmi lesquelles on remarque la Chapelle du Sauveur (Capilla del Salvador) (XVI<sup>ème </sup>siècle). Nous la découvrons derrière la porte baroque dorée originaire de la Cartuja de Valldecrist, encadrée par un beau portail gothique. À l’intérieur nous pouvons contempler le saisissant sépulcre des Vallterra et le grand Retable Majeur de la Cathédrale (XVI<sup>ème </sup>siècle), de l’éminent peintre valencien Vicente Macip et de son fils Juan de Juanes, œuvre clé de la peinture de la renaissance espagnole.

Le Musée de la Cathédrale est considéré comme l’un des plus importants de l’art sacré de la Communauté Valencienne.
