{"id":2719,"date":"2023-01-11T14:51:06","date_gmt":"2023-01-11T13:51:06","guid":{"rendered":"https:\/\/turismo.segorbe.es\/museo-municipal-de-arqueologia-y-etnologia\/"},"modified":"2024-12-03T09:42:22","modified_gmt":"2024-12-03T08:42:22","slug":"museo-municipal-de-arqueologia-y-etnologia","status":"publish","type":"page","link":"https:\/\/turismo.segorbe.es\/de\/patrimonio\/museos-y-centros-de-interpretacion\/museo-municipal-de-arqueologia-y-etnologia\/","title":{"rendered":"MAES, St\u00e4dtisches Museum f\u00fcr Arch\u00e4ologie und Ethnologie"},"content":{"rendered":"","protected":false},"excerpt":{"rendered":"","protected":false},"author":1,"featured_media":0,"parent":2737,"menu_order":1,"comment_status":"closed","ping_status":"closed","template":"","meta":{"_acf_changed":false,"footnotes":""},"class_list":["post-2719","page","type-page","status-publish","hentry"],"acf":{"contenido":[{"acf_fc_layout":"titulo","titulo_pequeno":true,"fondo":""},{"acf_fc_layout":"galeria","full":true,"imagenes":[3004,3007,3010,3013,3016],"fondo":""},{"acf_fc_layout":"informacion_con_texto","informacion":"<div class=\"ULSxyf\">\r\n<div class=\"MjjYud\">\r\n<div class=\"Ww4FFb vt6azd obcontainer wDYxhc\" data-md=\"77\" data-hveid=\"CA0QAA\" data-ved=\"2ahUKEwi576bQsq-BAxVdVqQEHUgHC7wQkCl6BAgNEAA\">\r\n<div id=\"tw-main\" data-hveid=\"CA0QAQ\">\r\n<div id=\"tw-container\" class=\"\" data-cp=\"1\" data-dbrt=\"10000\" data-ddp=\"true\" data-drd=\"1700\" data-is-rde=\"false\" data-is-ver=\"false\" data-nnttsvi=\"1\" data-sm=\"1\" data-ssbp=\"false\" data-sugg-time=\"500\" data-sugg-url=\"https:\/\/clients1.google.com\/complete\/search\" data-uilc=\"ca\" data-vil=\",af,af-ZA,am,am-ET,ar-EG,ar-AE,ar-KW,ar-QA,ar,ar-IL,ar-JO,ar-LB,ar-PS,az,az-AZ,bg,bg-BG,bn,bn-BD,bn-IN,ca,ca-es,cs,cs-CZ,de,de-DE,de-CH,de-AT,de-LI,en,en-US,en-CA,en-AU,en-NZ,en-GB,en-IN,en-KE,en-TZ,en-NG,en-GH,en-PH,en-ZA,es,es-ES,es-AR,es-UY,es-419,es-BO,es-CL,es-CR,es-CO,es-DO,es-EC,es-GT,es-HN,es-NI,es-PA,es-PE,es-PR,es-PY,es-SV,es-VE,es-MX,es-US,eu,eu-ES,fi,fi-FI,fr,fr-FR,fr-CH,fr-BE,gl,gl-ES,gu,gu-IN,he,he-IL,iw,iw-IL,hu,hu-HU,hy,hy-AM,id,id-ID,is,is-IS,it,it-IT,it-CH,ja,ja-JP,jv,jv-ID,ka,ka-GE,km,km-KH,kn,kn-IN,ko,ko-KR,la,lo,lo-LA,lv,lv-LV,ml,ml-IN,mr,mr-IN,ms,ms-MY,nl,nl-NL,nb,nb-NO,ne,ne-NP,pl,pl-PL,pt,pt-BR,pt-PT,ro,ro-RO,ru,ru-RU,si-LK,sk,sk-SK,sr,sr-RS,su,su-ID,sv,sv-SE,sw,sw-TZ,sw-KE,ta,ta-IN,ta-SG,ta-LK,ta-MY,te,te-IN,tr,tr-TR,ur,ur-PK,ur-IN,yue,yue-HK,yue-Hant-HK,zh-HK,zh,zh-CN,zh-cmn,zh-cmn-CN,zh-Hans,zh-Hans-CN,zh-cmn-Hans,zh-cmn-Hans-CN,cmn-CN,cmn-Hans,cmn-Hans-CN,zh-TW,zh-Hant-TW,cmn-TW,cmn-Hant-TW,zh-cmn-TW,zh-cmn-Hant-TW,zu,zu-ZA\">\r\n<div id=\"tw-ob\" class=\"tw-src-ltr\">\r\n<div class=\"oSioSc\">\r\n<div id=\"tw-target\">\r\n<div id=\"kAz1tf\" class=\"g9WsWb\">\r\n<div id=\"tw-target-text-container\" class=\"tw-ta-container F0azHf tw-nfl\" tabindex=\"0\">\r\n<pre id=\"tw-target-text\" class=\"tw-data-text tw-text-large tw-ta\" dir=\"ltr\" data-placeholder=\"Traducci\u00f3\"><span class=\"Y2IQFc\" lang=\"de\"><strong>Telefon<\/strong>\r\n964 71 21 54\r\n\r\n<strong>Adresse<\/strong>\r\nPlaza de los Mesones\r\n\r\n<strong>Zeitplan<\/strong>\r\nDienstag bis Sonntag. Freitag und Samstag von 11 bis 13 Uhr, von 17 bis 19 Uhr.\r\nFeiertage. 11 bis 13 Uhr\r\n***Geschlossen am 25. Dezember, 1. und 6. Januar***\r\n<strong>Preis<\/strong>\r\nErwachsene 2 \u20ac. Rentner und Gruppen 1 \u20ac<\/span><\/pre>\r\n<\/div>\r\n<div id=\"tw-target-rmn-container\" class=\"tw-target-rmn tw-ta-container F0azHf tw-nfl\">\r\n<pre id=\"tw-target-rmn\" class=\"tw-data-placeholder tw-text-small tw-ta\" dir=\"ltr\" data-placeholder=\"\"><\/pre>\r\n<\/div>\r\n<div class=\"iYB33c\">\r\n<div id=\"tw-tmenu\" class=\"tw-menu\"><\/div>\r\n<\/div>\r\n<\/div>\r\n<\/div>\r\n<\/div>\r\n<\/div>\r\n<div id=\"tw-images\"><\/div>\r\n<div class=\"dURPtb\"><\/div>\r\n<div>\r\n<div><\/div>\r\n<\/div>\r\n<\/div>\r\n<div class=\"KFFQ0c xKf9F\">\r\n<div class=\"YfftMc\"><\/div>\r\n<\/div>\r\n<\/div>\r\n<\/div>\r\n<\/div>\r\n<\/div>","enlace":{"title":"Ver ubicaci\u00f3n","url":"https:\/\/www.google.es\/maps\/place\/MAES.+Museo+de+Arqueolog%C3%ADa+y+Etnolog%C3%ADa+de+Segorbe\/@39.8529074,-0.492486,17z\/data=!3m1!4b1!4m5!3m4!1s0xd607b01757ed4c5:0x2316ed708525e039!8m2!3d39.8529033!4d-0.4902972?hl=es","target":"_blank"},"enlace_2":"","enlace_3":"","direccion":"izquierda","texto":"Das Museum befindet sich in einem pr\u00e4chtigen Geb\u00e4ude, welches im Jahre 1792 im Auftrag des K\u00f6nigs Carlos IV konstruiert wurde mit dem Ziel die Truppen, die die Stadt verteidigten, unterzubringen. Sein Besuch vermittelt uns einen Streifzug durch die verschiedenen Kulturen, die in dieser Region im Laufe der Geschichte gelebt haben.\r\n\r\nDie Abteilung f\u00fcr Arch\u00e4ologie verf\u00fcgt \u00fcber vier verschiedene S\u00e4le nach chronologischen Kriterien aufgeteilt: Altsteinzeit, Kupfersteinzeit und Bronzezeit, iberische Kultur und letztlich das Mittelalter. In diesen R\u00e4umen werden die Ger\u00e4te und Werkzeuge, die den Menschen seit seinem Bestehen begleiten, sowie verwendete Materialien f\u00fcr seine Produktionen, Entwicklung und Eigenschaften jeder Epoche ausgestellt.\r\n\r\n&nbsp;\r\n\r\nWerkzeuge aus Feuerstein, Geweih oder Horn, Ger\u00e4te aus Bronze oder Keramik, Spuren alter Gebr\u00e4uche, iberische Waffen, landwirtschaftliche Ger\u00e4te, Kr\u00fcge, r\u00f6mische M\u00fcnzen, Grabinschriften, mittelalterliche Ausr\u00fcstungen.... All dies bezeugt die Entwicklung der herrschaftliche Stadt von Segorbe.\r\n\r\n&nbsp;\r\n\r\nIn dem Abschnitt der V\u00f6lkerkunde zeigen uns die altert\u00fcmlichen Arbeitsger\u00e4te die landwirtschaftliche Kultur, die Arbeit und Lebensformen der M\u00e4nner und Frauen in der Region von Segorbe im Laufe ihrer Geschichte.\r\n\r\n&nbsp;\r\n\r\nUnterteilt nach Handwerk und verwendeten Materialien f\u00fcr die Entwicklung:\u00a0\u00a0 Fabrikanten, Korbmacher, Schumacher, Henker, Holzkunsthandwerker, Tont\u00f6pfer. Eine ausgedehnte Sammlung von Keramik aus Segorbe befindet sich dort ebenso wie ein Raum gewidmet den Gewichten und Ma\u00dfen, die darauf hinweisen, dass in alten Zeiten die Ellenbogen zwei Handbreiten bildeten und eine Handbreit zw\u00f6lf Finger waren. Hier begeben wir uns in eine Reise in der Zeit , in der die Arbeit des Handwerks noch Geduld und Hingebung ben\u00f6tigte."}]},"_links":{"self":[{"href":"https:\/\/turismo.segorbe.es\/de\/wp-json\/wp\/v2\/pages\/2719","targetHints":{"allow":["GET"]}}],"collection":[{"href":"https:\/\/turismo.segorbe.es\/de\/wp-json\/wp\/v2\/pages"}],"about":[{"href":"https:\/\/turismo.segorbe.es\/de\/wp-json\/wp\/v2\/types\/page"}],"author":[{"embeddable":true,"href":"https:\/\/turismo.segorbe.es\/de\/wp-json\/wp\/v2\/users\/1"}],"replies":[{"embeddable":true,"href":"https:\/\/turismo.segorbe.es\/de\/wp-json\/wp\/v2\/comments?post=2719"}],"version-history":[{"count":0,"href":"https:\/\/turismo.segorbe.es\/de\/wp-json\/wp\/v2\/pages\/2719\/revisions"}],"up":[{"embeddable":true,"href":"https:\/\/turismo.segorbe.es\/de\/wp-json\/wp\/v2\/pages\/2737"}],"wp:attachment":[{"href":"https:\/\/turismo.segorbe.es\/de\/wp-json\/wp\/v2\/media?parent=2719"}],"curies":[{"name":"wp","href":"https:\/\/api.w.org\/{rel}","templated":true}]}}

MAES, Städtisches Museum für Archäologie und Ethnologie

<div class="ULSxyf">
<div class="MjjYud">
<div class="Ww4FFb vt6azd obcontainer wDYxhc" data-md="77" data-hveid="CA0QAA" data-ved="2ahUKEwi576bQsq-BAxVdVqQEHUgHC7wQkCl6BAgNEAA">
<div id="tw-main" data-hveid="CA0QAQ">
<div id="tw-container" class="" data-cp="1" data-dbrt="10000" data-ddp="true" data-drd="1700" data-is-rde="false" data-is-ver="false" data-nnttsvi="1" data-sm="1" data-ssbp="false" data-sugg-time="500" data-sugg-url="https://clients1.google.com/complete/search" data-uilc="ca" data-vil=",af,af-ZA,am,am-ET,ar-EG,ar-AE,ar-KW,ar-QA,ar,ar-IL,ar-JO,ar-LB,ar-PS,az,az-AZ,bg,bg-BG,bn,bn-BD,bn-IN,ca,ca-es,cs,cs-CZ,de,de-DE,de-CH,de-AT,de-LI,en,en-US,en-CA,en-AU,en-NZ,en-GB,en-IN,en-KE,en-TZ,en-NG,en-GH,en-PH,en-ZA,es,es-ES,es-AR,es-UY,es-419,es-BO,es-CL,es-CR,es-CO,es-DO,es-EC,es-GT,es-HN,es-NI,es-PA,es-PE,es-PR,es-PY,es-SV,es-VE,es-MX,es-US,eu,eu-ES,fi,fi-FI,fr,fr-FR,fr-CH,fr-BE,gl,gl-ES,gu,gu-IN,he,he-IL,iw,iw-IL,hu,hu-HU,hy,hy-AM,id,id-ID,is,is-IS,it,it-IT,it-CH,ja,ja-JP,jv,jv-ID,ka,ka-GE,km,km-KH,kn,kn-IN,ko,ko-KR,la,lo,lo-LA,lv,lv-LV,ml,ml-IN,mr,mr-IN,ms,ms-MY,nl,nl-NL,nb,nb-NO,ne,ne-NP,pl,pl-PL,pt,pt-BR,pt-PT,ro,ro-RO,ru,ru-RU,si-LK,sk,sk-SK,sr,sr-RS,su,su-ID,sv,sv-SE,sw,sw-TZ,sw-KE,ta,ta-IN,ta-SG,ta-LK,ta-MY,te,te-IN,tr,tr-TR,ur,ur-PK,ur-IN,yue,yue-HK,yue-Hant-HK,zh-HK,zh,zh-CN,zh-cmn,zh-cmn-CN,zh-Hans,zh-Hans-CN,zh-cmn-Hans,zh-cmn-Hans-CN,cmn-CN,cmn-Hans,cmn-Hans-CN,zh-TW,zh-Hant-TW,cmn-TW,cmn-Hant-TW,zh-cmn-TW,zh-cmn-Hant-TW,zu,zu-ZA">
<div id="tw-ob" class="tw-src-ltr">
<div class="oSioSc">
<div id="tw-target">
<div id="kAz1tf" class="g9WsWb">
<div id="tw-target-text-container" class="tw-ta-container F0azHf tw-nfl" tabindex="0">
<pre id="tw-target-text" class="tw-data-text tw-text-large tw-ta" dir="ltr" data-placeholder="Traducció"><span class="Y2IQFc" lang="de"><strong>Telefon</strong>
964 71 21 54

<strong>Adresse</strong>
Plaza de los Mesones

<strong>Zeitplan</strong>
Dienstag bis Sonntag. Freitag und Samstag von 11 bis 13 Uhr, von 17 bis 19 Uhr.
Feiertage. 11 bis 13 Uhr
***Geschlossen am 25. Dezember, 1. und 6. Januar***
<strong>Preis</strong>
Erwachsene 2 €. Rentner und Gruppen 1 €</span></pre>
</div>
<div id="tw-target-rmn-container" class="tw-target-rmn tw-ta-container F0azHf tw-nfl">
<pre id="tw-target-rmn" class="tw-data-placeholder tw-text-small tw-ta" dir="ltr" data-placeholder=""></pre>
</div>
<div class="iYB33c">
<div id="tw-tmenu" class="tw-menu"></div>
</div>
</div>
</div>
</div>
</div>
<div id="tw-images"></div>
<div class="dURPtb"></div>
<div>
<div></div>
</div>
</div>
<div class="KFFQ0c xKf9F">
<div class="YfftMc"></div>
</div>
</div>
</div>
</div>
</div>

Ver ubicación

Das Museum befindet sich in einem prächtigen Gebäude, welches im Jahre 1792 im Auftrag des Königs Carlos IV konstruiert wurde mit dem Ziel die Truppen, die die Stadt verteidigten, unterzubringen. Sein Besuch vermittelt uns einen Streifzug durch die verschiedenen Kulturen, die in dieser Region im Laufe der Geschichte gelebt haben.

Die Abteilung für Archäologie verfügt über vier verschiedene Säle nach chronologischen Kriterien aufgeteilt: Altsteinzeit, Kupfersteinzeit und Bronzezeit, iberische Kultur und letztlich das Mittelalter. In diesen Räumen werden die Geräte und Werkzeuge, die den Menschen seit seinem Bestehen begleiten, sowie verwendete Materialien für seine Produktionen, Entwicklung und Eigenschaften jeder Epoche ausgestellt.

&nbsp;

Werkzeuge aus Feuerstein, Geweih oder Horn, Geräte aus Bronze oder Keramik, Spuren alter Gebräuche, iberische Waffen, landwirtschaftliche Geräte, Krüge, römische Münzen, Grabinschriften, mittelalterliche Ausrüstungen.... All dies bezeugt die Entwicklung der herrschaftliche Stadt von Segorbe.

&nbsp;

In dem Abschnitt der Völkerkunde zeigen uns die altertümlichen Arbeitsgeräte die landwirtschaftliche Kultur, die Arbeit und Lebensformen der Männer und Frauen in der Region von Segorbe im Laufe ihrer Geschichte.

&nbsp;

Unterteilt nach Handwerk und verwendeten Materialien für die Entwicklung:   Fabrikanten, Korbmacher, Schumacher, Henker, Holzkunsthandwerker, Tontöpfer. Eine ausgedehnte Sammlung von Keramik aus Segorbe befindet sich dort ebenso wie ein Raum gewidmet den Gewichten und Maßen, die darauf hinweisen, dass in alten Zeiten die Ellenbogen zwei Handbreiten bildeten und eine Handbreit zwölf Finger waren. Hier begeben wir uns in eine Reise in der Zeit , in der die Arbeit des Handwerks noch Geduld und Hingebung benötigte.
