{"id":1828,"date":"2023-01-25T17:14:48","date_gmt":"2023-01-25T16:14:48","guid":{"rendered":"https:\/\/turismo.segorbe.es\/torre-del-verdugo\/"},"modified":"2023-09-16T12:22:13","modified_gmt":"2023-09-16T11:22:13","slug":"torre-del-verdugo","status":"publish","type":"page","link":"https:\/\/turismo.segorbe.es\/de\/patrimonio\/monumentos\/torre-del-verdugo\/","title":{"rendered":"Turm des Henkers"},"content":{"rendered":"","protected":false},"excerpt":{"rendered":"","protected":false},"author":1,"featured_media":0,"parent":2749,"menu_order":1,"comment_status":"closed","ping_status":"closed","template":"","meta":{"_acf_changed":false,"footnotes":""},"class_list":["post-1828","page","type-page","status-publish","hentry"],"acf":{"contenido":[{"acf_fc_layout":"titulo","titulo_pequeno":true,"fondo":""},{"acf_fc_layout":"galeria","full":true,"imagenes":[1829,2908,2911,2914,2917,2920,2923,2926],"fondo":""},{"acf_fc_layout":"texto","diseno":"peq","texto":"Der Turm des Henkers ist ein wenig kleiner und breiter als der Turm des Gef\u00e4ngnisses mit einer H\u00f6he von 18,65m und einen Durchmesser von 1,75m. Er ist in zwei Teile unterteilt, der erste massiv (9,90m hoch) und der zweite nach Innen offen zur Stadt hin, um zu verhindern, dass dieser bei einem Angriff zum Schwachpunkt wird.\r\n\r\nEr verf\u00fcgt \u00fcber ein Kreuzgew\u00f6lbe. Durch eine Mauertreppe, die den offenen Bereich \u00fcberquert, gelangt man in die obere Etage. Das Innere des Turmes wird von einem Bew\u00e4sserungsgraben durchquert, der von einem Aqu\u00e4dukt hervorgeht. Sein Name erhielt er h\u00f6chstwahrscheinlich dadurch, das sich die Wohnung des Henkers nicht weit vom Turm entfernt befand.\r\n\r\nDie baulichen Eigenschaften schlie\u00dfen darauf, das der Turm ca. im 14. Jahrhundert erbaut wurde und der Grund dazu k\u00f6nnte der Krieg zwischen den Realisten und Unionisten gewesen sein oder auch die Kriege, die von dem K\u00f6nig von Kastilien, Peter I \u201eder Grausame\u201c und dem K\u00f6nig von Arag\u00f3n, Peter IV \u201e der F\u00f6rmliche\u201c angef\u00fchrt wurden, in denen Segorbe eine bedeutende Rolle spielte.","fondo":""}]},"_links":{"self":[{"href":"https:\/\/turismo.segorbe.es\/de\/wp-json\/wp\/v2\/pages\/1828","targetHints":{"allow":["GET"]}}],"collection":[{"href":"https:\/\/turismo.segorbe.es\/de\/wp-json\/wp\/v2\/pages"}],"about":[{"href":"https:\/\/turismo.segorbe.es\/de\/wp-json\/wp\/v2\/types\/page"}],"author":[{"embeddable":true,"href":"https:\/\/turismo.segorbe.es\/de\/wp-json\/wp\/v2\/users\/1"}],"replies":[{"embeddable":true,"href":"https:\/\/turismo.segorbe.es\/de\/wp-json\/wp\/v2\/comments?post=1828"}],"version-history":[{"count":0,"href":"https:\/\/turismo.segorbe.es\/de\/wp-json\/wp\/v2\/pages\/1828\/revisions"}],"up":[{"embeddable":true,"href":"https:\/\/turismo.segorbe.es\/de\/wp-json\/wp\/v2\/pages\/2749"}],"wp:attachment":[{"href":"https:\/\/turismo.segorbe.es\/de\/wp-json\/wp\/v2\/media?parent=1828"}],"curies":[{"name":"wp","href":"https:\/\/api.w.org\/{rel}","templated":true}]}}

Der Turm des Henkers ist ein wenig kleiner und breiter als der Turm des Gefängnisses mit einer Höhe von 18,65m und einen Durchmesser von 1,75m. Er ist in zwei Teile unterteilt, der erste massiv (9,90m hoch) und der zweite nach Innen offen zur Stadt hin, um zu verhindern, dass dieser bei einem Angriff zum Schwachpunkt wird.

Er verfügt über ein Kreuzgewölbe. Durch eine Mauertreppe, die den offenen Bereich überquert, gelangt man in die obere Etage. Das Innere des Turmes wird von einem Bewässerungsgraben durchquert, der von einem Aquädukt hervorgeht. Sein Name erhielt er höchstwahrscheinlich dadurch, das sich die Wohnung des Henkers nicht weit vom Turm entfernt befand.

Die baulichen Eigenschaften schließen darauf, das der Turm ca. im 14. Jahrhundert erbaut wurde und der Grund dazu könnte der Krieg zwischen den Realisten und Unionisten gewesen sein oder auch die Kriege, die von dem König von Kastilien, Peter I „der Grausame“ und dem König von Aragón, Peter IV „ der Förmliche“ angeführt wurden, in denen Segorbe eine bedeutende Rolle spielte.
