{"id":1786,"date":"2023-01-25T17:32:00","date_gmt":"2023-01-25T16:32:00","guid":{"rendered":"https:\/\/turismo.segorbe.es\/museo-catedralicio\/"},"modified":"2025-12-15T11:37:38","modified_gmt":"2025-12-15T10:37:38","slug":"museo-catedralicio","status":"publish","type":"page","link":"https:\/\/turismo.segorbe.es\/de\/patrimonio\/museos-y-centros-de-interpretacion\/museo-catedralicio\/","title":{"rendered":"Museum der Kathedrale"},"content":{"rendered":"","protected":false},"excerpt":{"rendered":"","protected":false},"author":1,"featured_media":0,"parent":2737,"menu_order":1,"comment_status":"closed","ping_status":"closed","template":"","meta":{"_acf_changed":false,"footnotes":""},"class_list":["post-1786","page","type-page","status-publish","hentry"],"acf":{"contenido":[{"acf_fc_layout":"titulo","titulo_pequeno":true,"fondo":""},{"acf_fc_layout":"galeria","full":true,"imagenes":[1787,2986,2989,2992,2995,2998,3001],"fondo":""},{"acf_fc_layout":"informacion_con_texto","informacion":"<pre id=\"tw-target-text\" class=\"tw-data-text tw-text-large tw-ta\" dir=\"ltr\" data-placeholder=\"Traducci\u00f3\"><span class=\"Y2IQFc\" lang=\"de\"><strong>Adresse:<\/strong>\r\nC\/Santa Maria, 12.\r\n\r\n<strong>Zeitplan:<\/strong>\r\nVon Dienstag bis Samstag von 11:00 bis 13:00 Uhr. **Geschlossen vom 25. Dezember bis zum 6. Januarr***\r\nAllgemeiner Eintritt: 7 \u20ac. \u00dcber 65 Jahre: 6 \u20ac. Gruppen: 3,50 \u20ac. Konsultieren Sie andere Tarife.\r\n<strong>Tel.<\/strong>\r\n964 71 10 14.<\/span><\/pre>","enlace":"","enlace_2":"","enlace_3":"","direccion":"izquierda","texto":"Das Museum der Kathedrale ist eines der wichtigsten Museen religi\u00f6ser Kunst in der Region Valencia, in der wir eine kostbare Sammlung an\u00a0 Gem\u00e4lden, Skulpturen und St\u00fccke der Goldschmiedekunst finden. Ganz besonders prachtvoll sind die au\u00dfergew\u00f6hnlichen Altarbilder.\r\n\r\n<strong>\u00a0<\/strong>\r\n\r\nDas Museum besteht aus Werken der Kathedrale, dessen Kloster und Kapellen.\r\n\r\n&nbsp;\r\n\r\nIm Museum finden wir ein besonderes Juwel der Kunst, die Madonna mit Kind, gearbeitet in Carrara Marmor von dem italienischen K\u00fcnstler Donatello und einige Emailletafeln aus dem 16. Jahrhundert.\r\n\r\n&nbsp;\r\n\r\nDer wesentliche Bereich ist der religi\u00f6sen Malerei gewidmet. Von herausragender Bedeutung ist die \"Galer\u00eda de Primitivos \u201c mit Werken der gotischen Malerei wie Gem\u00e4lden und Altarbildern: z.B. der hl Lukas, Maria Heimsuchung, die Heilige Clara und die Heilige Eulalia und das Gem\u00e4lde des Abendmahls, Werke von Jacomart, Reixach, Mart\u00edn Torner, Pere Serra, Rodrigo von Osona Junior, etc. Sehr interessant ist auch die Galerie \u201cVicente Macip\u201d (Vater von Juan de Juanes), mit dem gro\u00dfen Altarbild der Kathedrale, gefertigt zwischen 1525 und 1531, das als Schl\u00fcsselwerk der spanischen Malerei in der Renaissance gilt. Es wurde 1791 abgebaut und in der heutigen Zeit kann man es erneut in der Kapelle von Salvador betrachten.\r\n\r\n&nbsp;"}]},"_links":{"self":[{"href":"https:\/\/turismo.segorbe.es\/de\/wp-json\/wp\/v2\/pages\/1786","targetHints":{"allow":["GET"]}}],"collection":[{"href":"https:\/\/turismo.segorbe.es\/de\/wp-json\/wp\/v2\/pages"}],"about":[{"href":"https:\/\/turismo.segorbe.es\/de\/wp-json\/wp\/v2\/types\/page"}],"author":[{"embeddable":true,"href":"https:\/\/turismo.segorbe.es\/de\/wp-json\/wp\/v2\/users\/1"}],"replies":[{"embeddable":true,"href":"https:\/\/turismo.segorbe.es\/de\/wp-json\/wp\/v2\/comments?post=1786"}],"version-history":[{"count":0,"href":"https:\/\/turismo.segorbe.es\/de\/wp-json\/wp\/v2\/pages\/1786\/revisions"}],"up":[{"embeddable":true,"href":"https:\/\/turismo.segorbe.es\/de\/wp-json\/wp\/v2\/pages\/2737"}],"wp:attachment":[{"href":"https:\/\/turismo.segorbe.es\/de\/wp-json\/wp\/v2\/media?parent=1786"}],"curies":[{"name":"wp","href":"https:\/\/api.w.org\/{rel}","templated":true}]}}

<pre id="tw-target-text" class="tw-data-text tw-text-large tw-ta" dir="ltr" data-placeholder="Traducció"><span class="Y2IQFc" lang="de"><strong>Adresse:</strong>
C/Santa Maria, 12.

<strong>Zeitplan:</strong>
Von Dienstag bis Samstag von 11:00 bis 13:00 Uhr. **Geschlossen vom 25. Dezember bis zum 6. Januarr***
Allgemeiner Eintritt: 7 €. Über 65 Jahre: 6 €. Gruppen: 3,50 €. Konsultieren Sie andere Tarife.
<strong>Tel.</strong>
964 71 10 14.</span></pre>

Das Museum der Kathedrale ist eines der wichtigsten Museen religiöser Kunst in der Region Valencia, in der wir eine kostbare Sammlung an  Gemälden, Skulpturen und Stücke der Goldschmiedekunst finden. Ganz besonders prachtvoll sind die außergewöhnlichen Altarbilder.

<strong> </strong>

Das Museum besteht aus Werken der Kathedrale, dessen Kloster und Kapellen.

&nbsp;

Im Museum finden wir ein besonderes Juwel der Kunst, die Madonna mit Kind, gearbeitet in Carrara Marmor von dem italienischen Künstler Donatello und einige Emailletafeln aus dem 16. Jahrhundert.

&nbsp;

Der wesentliche Bereich ist der religiösen Malerei gewidmet. Von herausragender Bedeutung ist die "Galería de Primitivos “ mit Werken der gotischen Malerei wie Gemälden und Altarbildern: z.B. der hl Lukas, Maria Heimsuchung, die Heilige Clara und die Heilige Eulalia und das Gemälde des Abendmahls, Werke von Jacomart, Reixach, Martín Torner, Pere Serra, Rodrigo von Osona Junior, etc. Sehr interessant ist auch die Galerie “Vicente Macip” (Vater von Juan de Juanes), mit dem großen Altarbild der Kathedrale, gefertigt zwischen 1525 und 1531, das als Schlüsselwerk der spanischen Malerei in der Renaissance gilt. Es wurde 1791 abgebaut und in der heutigen Zeit kann man es erneut in der Kapelle von Salvador betrachten.

&nbsp;
