{"id":1723,"date":"2023-01-25T17:58:00","date_gmt":"2023-01-25T16:58:00","guid":{"rendered":"https:\/\/turismo.segorbe.es\/iglesia-de-san-pedro\/"},"modified":"2023-09-16T15:12:03","modified_gmt":"2023-09-16T14:12:03","slug":"iglesia-de-san-pedro","status":"publish","type":"page","link":"https:\/\/turismo.segorbe.es\/de\/patrimonio\/patrimonio-religioso\/iglesia-de-san-pedro\/","title":{"rendered":"Kirche von San Pedro"},"content":{"rendered":"","protected":false},"excerpt":{"rendered":"","protected":false},"author":1,"featured_media":0,"parent":2744,"menu_order":0,"comment_status":"closed","ping_status":"closed","template":"","meta":{"_acf_changed":false,"footnotes":""},"class_list":["post-1723","page","type-page","status-publish","hentry"],"acf":{"contenido":[{"acf_fc_layout":"titulo","titulo_pequeno":true,"fondo":""},{"acf_fc_layout":"galeria","full":true,"imagenes":[1724,3148,3151,3154],"fondo":""},{"acf_fc_layout":"texto","diseno":"peq","texto":"Die Kirche wurde als \u00e4ltestes religi\u00f6ses Geb\u00e4ude von Segorbe. bereits im Jahre 1247 geweiht. Im 16. Jahrhundert wurde der Abschnitt des Altarraumes und im 19. Jahrhundert die Kapelle der Kommunion angebaut. Ihre urspr\u00fcngliche Struktur, zugeh\u00f6rig den Kirchen der Wiedereroberung mit Tonnengew\u00f6lbe und h\u00f6lzernem Dachstuhl und Satteldach wurde seitdem stark ver\u00e4ndert.","fondo":""}]},"_links":{"self":[{"href":"https:\/\/turismo.segorbe.es\/de\/wp-json\/wp\/v2\/pages\/1723","targetHints":{"allow":["GET"]}}],"collection":[{"href":"https:\/\/turismo.segorbe.es\/de\/wp-json\/wp\/v2\/pages"}],"about":[{"href":"https:\/\/turismo.segorbe.es\/de\/wp-json\/wp\/v2\/types\/page"}],"author":[{"embeddable":true,"href":"https:\/\/turismo.segorbe.es\/de\/wp-json\/wp\/v2\/users\/1"}],"replies":[{"embeddable":true,"href":"https:\/\/turismo.segorbe.es\/de\/wp-json\/wp\/v2\/comments?post=1723"}],"version-history":[{"count":0,"href":"https:\/\/turismo.segorbe.es\/de\/wp-json\/wp\/v2\/pages\/1723\/revisions"}],"up":[{"embeddable":true,"href":"https:\/\/turismo.segorbe.es\/de\/wp-json\/wp\/v2\/pages\/2744"}],"wp:attachment":[{"href":"https:\/\/turismo.segorbe.es\/de\/wp-json\/wp\/v2\/media?parent=1723"}],"curies":[{"name":"wp","href":"https:\/\/api.w.org\/{rel}","templated":true}]}}

Die Kirche wurde als ältestes religiöses Gebäude von Segorbe. bereits im Jahre 1247 geweiht. Im 16. Jahrhundert wurde der Abschnitt des Altarraumes und im 19. Jahrhundert die Kapelle der Kommunion angebaut. Ihre ursprüngliche Struktur, zugehörig den Kirchen der Wiedereroberung mit Tonnengewölbe und hölzernem Dachstuhl und Satteldach wurde seitdem stark verändert.
