{"id":2716,"date":"2023-01-11T14:51:06","date_gmt":"2023-01-11T13:51:06","guid":{"rendered":"https:\/\/turismo.segorbe.es\/museo-municipal-de-arqueologia-y-etnologia\/"},"modified":"2024-12-03T09:42:42","modified_gmt":"2024-12-03T08:42:42","slug":"museo-municipal-de-arqueologia-y-etnologia","status":"publish","type":"page","link":"https:\/\/turismo.segorbe.es\/ca\/patrimonio\/museos-y-centros-de-interpretacion\/museo-municipal-de-arqueologia-y-etnologia\/","title":{"rendered":"MAES, Museu Municipal d\u2019Arqueologia i Etnologia"},"content":{"rendered":"","protected":false},"excerpt":{"rendered":"","protected":false},"author":1,"featured_media":0,"parent":2732,"menu_order":1,"comment_status":"closed","ping_status":"closed","template":"","meta":{"_acf_changed":false,"footnotes":""},"class_list":["post-2716","page","type-page","status-publish","hentry"],"acf":{"contenido":[{"acf_fc_layout":"titulo","titulo_pequeno":true,"fondo":""},{"acf_fc_layout":"galeria","full":true,"imagenes":[3002,3005,3008,3011,3014],"fondo":""},{"acf_fc_layout":"informacion_con_texto","informacion":"<pre id=\"tw-target-text\" class=\"tw-data-text tw-text-large tw-ta\" dir=\"ltr\" data-placeholder=\"Traducci\u00f3\"><span class=\"Y2IQFc\" lang=\"ca\"><strong>Tel\u00e8fon<\/strong>\r\n964 71 21 54\r\n\r\n<strong>Direcci\u00f3<\/strong>\r\nPla\u00e7a dels Mesons\r\n\r\n<strong>Horari<\/strong>\r\nDimarts a diumenge. 11 a 13 h Divendres i dissabte de 17 a 19 h.\r\nFestius. 11 a 13 h\r\n***Tancat 25 de desembre, 1 i 6 de gener***\r\n<strong>Preu<\/strong>\r\nAdults 2\u20ac. Jubilats i grups 1 \u20ac<\/span><\/pre>","enlace":{"title":"Ver ubicaci\u00f3n","url":"https:\/\/www.google.es\/maps\/place\/MAES.+Museo+de+Arqueolog%C3%ADa+y+Etnolog%C3%ADa+de+Segorbe\/@39.8529074,-0.492486,17z\/data=!3m1!4b1!4m5!3m4!1s0xd607b01757ed4c5:0x2316ed708525e039!8m2!3d39.8529033!4d-0.4902972?hl=es","target":"_blank"},"enlace_2":"","enlace_3":"","direccion":"izquierda","texto":"Est\u00e0 situat en un magn\u00edfic edifici constru\u00eft l\u2019any 1792 per ordre del rei Carles IV, a fi d\u2019albergar les tropes que defensaven la ciutat. La seua visita ens permet un passeig a trav\u00e9s de diferents cultures que han conviscut en aquestes comarques al llarg de la hist\u00f2ria.\r\n\r\n&nbsp;\r\n\r\nLa secci\u00f3 d\u2019Arqueologia disposa de quatre sales diferenciades segons criteris cronol\u00f2gics: Paleol\u00edtic, Eneol\u00edtic i Edat del Bronze, Cultura Ib\u00e8rica i, finalment, \u00c8poca Romana i Edat Mitjana. En aquestes es presenten els utensilis i les ferramentes utilitzats per l\u2019home des de quasi els seus or\u00edgens, aix\u00ed com els materials utilitzats per a la seua fabricaci\u00f3, la seua evoluci\u00f3 i les caracter\u00edstiques particulars de cada \u00e8poca.\r\n\r\n&nbsp;\r\n\r\nEines de s\u00edlex, asta o banya, utensilis de bronze o cer\u00e0mica, vestigis de\u00a0 costums ancestrals, armes ib\u00e8riques, estris de cultiu, \u00e0mfores, monedes romanes, inscripcions funer\u00e0ries, utensilis medievals... ens remeten a l\u2019evoluci\u00f3 de la ciutat senyorial de Sogorb.\r\n\r\n&nbsp;\r\n\r\nEn la secci\u00f3 d\u2019Etnologia, els utensilis arcaics de treball mostren la cultura rural, les labors i formes de viure dels homes i dones de la comarca sogorbina al llarg de tota la seua exist\u00e8ncia.\r\n\r\n&nbsp;\r\n\r\nSubdividida segons els oficis artesans i materials utilitzats per al seu desenvolupament: corretgers (o albarders), cistellers, espardenyers, bastoners i artesans de la fusta, terrissers, una extensa mostra de cer\u00e0mica sogorbina i una \u00faltima sala dedicada als pesos i mesures, en un temps en qu\u00e8 un colze el formaven dos pams, i un pam, dotze dits, tot un viatge a l\u2019\u00e8poca en qu\u00e8 un treball necessitava ofici, paci\u00e8ncia i dedicaci\u00f3.\r\n\r\n&nbsp;"}]},"_links":{"self":[{"href":"https:\/\/turismo.segorbe.es\/ca\/wp-json\/wp\/v2\/pages\/2716","targetHints":{"allow":["GET"]}}],"collection":[{"href":"https:\/\/turismo.segorbe.es\/ca\/wp-json\/wp\/v2\/pages"}],"about":[{"href":"https:\/\/turismo.segorbe.es\/ca\/wp-json\/wp\/v2\/types\/page"}],"author":[{"embeddable":true,"href":"https:\/\/turismo.segorbe.es\/ca\/wp-json\/wp\/v2\/users\/1"}],"replies":[{"embeddable":true,"href":"https:\/\/turismo.segorbe.es\/ca\/wp-json\/wp\/v2\/comments?post=2716"}],"version-history":[{"count":0,"href":"https:\/\/turismo.segorbe.es\/ca\/wp-json\/wp\/v2\/pages\/2716\/revisions"}],"up":[{"embeddable":true,"href":"https:\/\/turismo.segorbe.es\/ca\/wp-json\/wp\/v2\/pages\/2732"}],"wp:attachment":[{"href":"https:\/\/turismo.segorbe.es\/ca\/wp-json\/wp\/v2\/media?parent=2716"}],"curies":[{"name":"wp","href":"https:\/\/api.w.org\/{rel}","templated":true}]}}

<pre id="tw-target-text" class="tw-data-text tw-text-large tw-ta" dir="ltr" data-placeholder="Traducció"><span class="Y2IQFc" lang="ca"><strong>Telèfon</strong>
964 71 21 54

<strong>Direcció</strong>
Plaça dels Mesons

<strong>Horari</strong>
Dimarts a diumenge. 11 a 13 h Divendres i dissabte de 17 a 19 h.
Festius. 11 a 13 h
***Tancat 25 de desembre, 1 i 6 de gener***
<strong>Preu</strong>
Adults 2€. Jubilats i grups 1 €</span></pre>

Ver ubicación

Està situat en un magnífic edifici construït l’any 1792 per ordre del rei Carles IV, a fi d’albergar les tropes que defensaven la ciutat. La seua visita ens permet un passeig a través de diferents cultures que han conviscut en aquestes comarques al llarg de la història.

&nbsp;

La secció d’Arqueologia disposa de quatre sales diferenciades segons criteris cronològics: Paleolític, Eneolític i Edat del Bronze, Cultura Ibèrica i, finalment, Època Romana i Edat Mitjana. En aquestes es presenten els utensilis i les ferramentes utilitzats per l’home des de quasi els seus orígens, així com els materials utilitzats per a la seua fabricació, la seua evolució i les característiques particulars de cada època.

&nbsp;

Eines de sílex, asta o banya, utensilis de bronze o ceràmica, vestigis de  costums ancestrals, armes ibèriques, estris de cultiu, àmfores, monedes romanes, inscripcions funeràries, utensilis medievals... ens remeten a l’evolució de la ciutat senyorial de Sogorb.

&nbsp;

En la secció d’Etnologia, els utensilis arcaics de treball mostren la cultura rural, les labors i formes de viure dels homes i dones de la comarca sogorbina al llarg de tota la seua existència.

&nbsp;

Subdividida segons els oficis artesans i materials utilitzats per al seu desenvolupament: corretgers (o albarders), cistellers, espardenyers, bastoners i artesans de la fusta, terrissers, una extensa mostra de ceràmica sogorbina i una última sala dedicada als pesos i mesures, en un temps en què un colze el formaven dos pams, i un pam, dotze dits, tot un viatge a l’època en què un treball necessitava ofici, paciència i dedicació.

&nbsp;
