{"id":1830,"date":"2023-01-25T17:12:50","date_gmt":"2023-01-25T16:12:50","guid":{"rendered":"https:\/\/turismo.segorbe.es\/murallas-medievales\/"},"modified":"2026-04-23T08:36:58","modified_gmt":"2026-04-23T07:36:58","slug":"murallas-medievales","status":"publish","type":"page","link":"https:\/\/turismo.segorbe.es\/ca\/patrimonio\/monumentos\/murallas-medievales\/","title":{"rendered":"Muralles medievals"},"content":{"rendered":"","protected":false},"excerpt":{"rendered":"","protected":false},"author":1,"featured_media":0,"parent":2746,"menu_order":1,"comment_status":"closed","ping_status":"closed","template":"","meta":{"_acf_changed":false,"footnotes":""},"class_list":["post-1830","page","type-page","status-publish","hentry"],"acf":{"contenido":[{"acf_fc_layout":"titulo","titulo_pequeno":true,"fondo":""},{"acf_fc_layout":"galeria","full":true,"imagenes":[1831,3215,3218,3221],"fondo":""},{"acf_fc_layout":"texto","diseno":"peq","texto":"Amb una longitud pr\u00f2xima a un quil\u00f2metre, partien des del castell. Els\u00a0<span class=\"hiddenGrammarError\" style=\"padding-bottom: 2px; background-image: url('..\/..\/..\/..\/..\/images\/squiggle.png'); background-repeat: repeat-x; background-position: left bottom; vertical-align: text-top; cursor: default; color: #565353; font-family: Arial, Helvetica, Verdana, sans-serif; font-size: 18px; font-style: normal; font-variant-ligatures: normal; font-variant-caps: normal; font-weight: 400; letter-spacing: normal; orphans: 2; text-align: start; text-indent: 0px; text-transform: none; white-space: normal; widows: 2; word-spacing: 0px; -webkit-text-stroke-width: 0px; background-color: #ffffff; text-decoration-thickness: initial; text-decoration-style: initial; text-decoration-color: initial;\">restes arqueol\u00f2gics m\u00e9s antics situen<\/span>\u00a0l\u2019exist\u00e8ncia d\u2019un recinte emmurallat anterior al segle XI, per\u00f2 el creixement de la ciutat obliga a la reestructuraci\u00f3 de les seues muralles i, aix\u00ed,\u00a0Segorbe\u00a0experimentar\u00e0 al llarg dels segles distintes modificacions i ampliacions de les muralles. La muralla que es conserva pertany al tra\u00e7at que hi va haver en el segle XIV, i la podem contemplar al carrer de l\u2019<span class=\"hiddenSpellError\">Arg\u00e9n<\/span>, on trobem l\u2019<span class=\"hiddenSpellError\">alfiz<\/span>\u00a0que emmarca els arcs del Portal de l\u2019<span class=\"hiddenSpellError\">Arg\u00e9n<\/span>, datats en el segle XI, antiga porta d\u2019entrada a la ciutat.\r\n\r\n&nbsp;","fondo":""}]},"_links":{"self":[{"href":"https:\/\/turismo.segorbe.es\/ca\/wp-json\/wp\/v2\/pages\/1830","targetHints":{"allow":["GET"]}}],"collection":[{"href":"https:\/\/turismo.segorbe.es\/ca\/wp-json\/wp\/v2\/pages"}],"about":[{"href":"https:\/\/turismo.segorbe.es\/ca\/wp-json\/wp\/v2\/types\/page"}],"author":[{"embeddable":true,"href":"https:\/\/turismo.segorbe.es\/ca\/wp-json\/wp\/v2\/users\/1"}],"replies":[{"embeddable":true,"href":"https:\/\/turismo.segorbe.es\/ca\/wp-json\/wp\/v2\/comments?post=1830"}],"version-history":[{"count":0,"href":"https:\/\/turismo.segorbe.es\/ca\/wp-json\/wp\/v2\/pages\/1830\/revisions"}],"up":[{"embeddable":true,"href":"https:\/\/turismo.segorbe.es\/ca\/wp-json\/wp\/v2\/pages\/2746"}],"wp:attachment":[{"href":"https:\/\/turismo.segorbe.es\/ca\/wp-json\/wp\/v2\/media?parent=1830"}],"curies":[{"name":"wp","href":"https:\/\/api.w.org\/{rel}","templated":true}]}}

Amb una longitud pròxima a un quilòmetre, partien des del castell. Els <span class="hiddenGrammarError" style="padding-bottom: 2px; background-image: url('../../../../../images/squiggle.png'); background-repeat: repeat-x; background-position: left bottom; vertical-align: text-top; cursor: default; color: #565353; font-family: Arial, Helvetica, Verdana, sans-serif; font-size: 18px; font-style: normal; font-variant-ligatures: normal; font-variant-caps: normal; font-weight: 400; letter-spacing: normal; orphans: 2; text-align: start; text-indent: 0px; text-transform: none; white-space: normal; widows: 2; word-spacing: 0px; -webkit-text-stroke-width: 0px; background-color: #ffffff; text-decoration-thickness: initial; text-decoration-style: initial; text-decoration-color: initial;">restes arqueològics més antics situen</span> l’existència d’un recinte emmurallat anterior al segle XI, però el creixement de la ciutat obliga a la reestructuració de les seues muralles i, així, Segorbe experimentarà al llarg dels segles distintes modificacions i ampliacions de les muralles. La muralla que es conserva pertany al traçat que hi va haver en el segle XIV, i la podem contemplar al carrer de l’<span class="hiddenSpellError">Argén</span>, on trobem l’<span class="hiddenSpellError">alfiz</span> que emmarca els arcs del Portal de l’<span class="hiddenSpellError">Argén</span>, datats en el segle XI, antiga porta d’entrada a la ciutat.

&nbsp;
