{"id":1823,"date":"2023-01-25T17:14:48","date_gmt":"2023-01-25T16:14:48","guid":{"rendered":"https:\/\/turismo.segorbe.es\/torre-del-verdugo\/"},"modified":"2026-04-23T08:38:28","modified_gmt":"2026-04-23T07:38:28","slug":"torre-del-verdugo","status":"publish","type":"page","link":"https:\/\/turismo.segorbe.es\/ca\/patrimonio\/monumentos\/torre-del-verdugo\/","title":{"rendered":"Torre del Botx\u00ed"},"content":{"rendered":"","protected":false},"excerpt":{"rendered":"","protected":false},"author":1,"featured_media":0,"parent":2746,"menu_order":1,"comment_status":"closed","ping_status":"closed","template":"","meta":{"_acf_changed":false,"footnotes":""},"class_list":["post-1823","page","type-page","status-publish","hentry"],"acf":{"contenido":[{"acf_fc_layout":"titulo","titulo_pequeno":true,"fondo":""},{"acf_fc_layout":"galeria","full":true,"imagenes":[1824,2906,2909,2912,2915,2918,2921,2924],"fondo":""},{"acf_fc_layout":"texto","diseno":"peq","texto":"La Torre del Botx\u00ed \u00e9s un poc m\u00e9s baixa que la de la Pres\u00f3 (18,65 m) i m\u00e9s ampla (1,75\u00a0m\u00a0de di\u00e0metre). Est\u00e0 subdividida en dos cossos, el primer mass\u00eds (9,90\u00a0m\u00a0d\u2019al\u00e7\u00e0ria) i el segon obert cap a l\u2019interior de la poblaci\u00f3 per a evitar que poguera ser utilitzada en contra seua.\u00a0<span class=\"hiddenSuggestion\">Posseeix<\/span>\u00a0volta de creueria i l\u2019acc\u00e9s al pis superior s\u2019efectua mitjan\u00e7ant una escala de carreus que creua l\u2019espai obert del mur en sentit transversal. Pel seu interior travessa la s\u00e9quia provinent de l\u2019aq\u00fceducte, i el seu nom potser es deu a la proximitat de la casa del botx\u00ed.\r\n\r\nLes caracter\u00edstiques constructives semblen situar la seua \u00e8poca de realitzaci\u00f3 cap al segle XIV i potser es va construir amb motiu de la guerra entre unionistes i realistes o, tamb\u00e9, arran de la que van protagonitzar el rei de Castella, Pere I El Cruel i el rei d\u2019Arag\u00f3, Pere IV El Cerimoni\u00f3s, en qu\u00e8\u00a0Segorbe\u00a0va tenir un paper important.","fondo":""}]},"_links":{"self":[{"href":"https:\/\/turismo.segorbe.es\/ca\/wp-json\/wp\/v2\/pages\/1823","targetHints":{"allow":["GET"]}}],"collection":[{"href":"https:\/\/turismo.segorbe.es\/ca\/wp-json\/wp\/v2\/pages"}],"about":[{"href":"https:\/\/turismo.segorbe.es\/ca\/wp-json\/wp\/v2\/types\/page"}],"author":[{"embeddable":true,"href":"https:\/\/turismo.segorbe.es\/ca\/wp-json\/wp\/v2\/users\/1"}],"replies":[{"embeddable":true,"href":"https:\/\/turismo.segorbe.es\/ca\/wp-json\/wp\/v2\/comments?post=1823"}],"version-history":[{"count":0,"href":"https:\/\/turismo.segorbe.es\/ca\/wp-json\/wp\/v2\/pages\/1823\/revisions"}],"up":[{"embeddable":true,"href":"https:\/\/turismo.segorbe.es\/ca\/wp-json\/wp\/v2\/pages\/2746"}],"wp:attachment":[{"href":"https:\/\/turismo.segorbe.es\/ca\/wp-json\/wp\/v2\/media?parent=1823"}],"curies":[{"name":"wp","href":"https:\/\/api.w.org\/{rel}","templated":true}]}}

Torre del Botxí

La Torre del Botxí és un poc més baixa que la de la Presó (18,65 m) i més ampla (1,75 m de diàmetre). Està subdividida en dos cossos, el primer massís (9,90 m d’alçària) i el segon obert cap a l’interior de la població per a evitar que poguera ser utilitzada en contra seua. <span class="hiddenSuggestion">Posseeix</span> volta de creueria i l’accés al pis superior s’efectua mitjançant una escala de carreus que creua l’espai obert del mur en sentit transversal. Pel seu interior travessa la séquia provinent de l’aqüeducte, i el seu nom potser es deu a la proximitat de la casa del botxí.

Les característiques constructives semblen situar la seua època de realització cap al segle XIV i potser es va construir amb motiu de la guerra entre unionistes i realistes o, també, arran de la que van protagonitzar el rei de Castella, Pere I El Cruel i el rei d’Aragó, Pere IV El Cerimoniós, en què Segorbe va tenir un paper important.
