{"id":1774,"date":"2023-01-25T17:36:00","date_gmt":"2023-01-25T16:36:00","guid":{"rendered":"https:\/\/turismo.segorbe.es\/centro-interpretacion-criptas-de-la-catedral\/"},"modified":"2026-06-09T08:49:31","modified_gmt":"2026-06-09T07:49:31","slug":"centro-interpretacion-criptas-de-la-catedral","status":"publish","type":"page","link":"https:\/\/turismo.segorbe.es\/ca\/patrimonio\/museos-y-centros-de-interpretacion\/centro-interpretacion-criptas-de-la-catedral\/","title":{"rendered":"Criptes de la catedral"},"content":{"rendered":"","protected":false},"excerpt":{"rendered":"","protected":false},"author":1,"featured_media":0,"parent":2732,"menu_order":1,"comment_status":"closed","ping_status":"closed","template":"","meta":{"_acf_changed":false,"footnotes":""},"class_list":["post-1774","page","type-page","status-publish","hentry"],"acf":{"contenido":[{"acf_fc_layout":"titulo","titulo_pequeno":true,"fondo":""},{"acf_fc_layout":"galeria","full":true,"imagenes":[1775,3017,3020,3023,3026,3029],"fondo":""},{"acf_fc_layout":"informacion_con_texto","informacion":"<pre class=\"tw-data-text tw-text-large tw-ta\" dir=\"ltr\" data-placeholder=\"Traducci\u00f3\"><span class=\"Y2IQFc\" lang=\"ca\"><strong>Tel\u00e8fon<\/strong>\r\n964 71 32 54\r\n\r\n<strong>Direcci\u00f3<\/strong>\r\nCarrer Col\u00f3n, 14\r\n\r\n<strong>Horari<\/strong>\r\nDe dimarts a diumenge de 11.00 a 14.00 h. \r\nDivendres i dissabte de 16 a 18h. \r\n<\/span>(De l'1 de juny fins al 31 d'agost de \r\ndimarts a diumenge d'11 a 14h. \r\nDivendres i dissabte vesprades de 17 a 19h.)<\/pre>\r\n<pre id=\"tw-target-text\" class=\"tw-data-text tw-text-large tw-ta\" dir=\"ltr\" data-placeholder=\"Traducci\u00f3\"><span class=\"Y2IQFc\" lang=\"ca\">\r\nAdults 2\u20ac, jubilats i grups 1\u20ac, infants fins a 12 \r\nanys gratu\u00eft, acompanyats d'un adult.<\/span><\/pre>","enlace":"","enlace_2":"","enlace_3":"","direccion":"izquierda","texto":"Espai sagrat, les criptes de la catedral de Segorbe, vetlen, des del segle XIII, el rep\u00f2s dels membres m\u00e9s il\u00b7lustres de la di\u00f2cesi sogorbina: degans, canonges, beneficiats o membres de la insigne fam\u00edlia Valero van descansar en aquestes sales de parets eternes.\r\n\r\n&nbsp;\r\n\r\nLa visita a les criptes de la catedral, situades davall de les capelles del claustre, ens permet un recorregut a trav\u00e9s de la di\u00f2cesi de Segorbe-Castell\u00f3, de la seua hist\u00f2ria i dels seus espais, penetrar en la reconstrucci\u00f3 idealitzada d\u2019una cripta original amb els seus sepulcres i la capella funer\u00e0ria, con\u00e9ixer la percepci\u00f3 de la mort en la gent del m\u00f3n medieval o assistir a la reflexi\u00f3 d\u2019un vell monjo sobre aquest \u00faltim gran viatge.\r\n\r\n&nbsp;"}]},"_links":{"self":[{"href":"https:\/\/turismo.segorbe.es\/ca\/wp-json\/wp\/v2\/pages\/1774","targetHints":{"allow":["GET"]}}],"collection":[{"href":"https:\/\/turismo.segorbe.es\/ca\/wp-json\/wp\/v2\/pages"}],"about":[{"href":"https:\/\/turismo.segorbe.es\/ca\/wp-json\/wp\/v2\/types\/page"}],"author":[{"embeddable":true,"href":"https:\/\/turismo.segorbe.es\/ca\/wp-json\/wp\/v2\/users\/1"}],"replies":[{"embeddable":true,"href":"https:\/\/turismo.segorbe.es\/ca\/wp-json\/wp\/v2\/comments?post=1774"}],"version-history":[{"count":0,"href":"https:\/\/turismo.segorbe.es\/ca\/wp-json\/wp\/v2\/pages\/1774\/revisions"}],"up":[{"embeddable":true,"href":"https:\/\/turismo.segorbe.es\/ca\/wp-json\/wp\/v2\/pages\/2732"}],"wp:attachment":[{"href":"https:\/\/turismo.segorbe.es\/ca\/wp-json\/wp\/v2\/media?parent=1774"}],"curies":[{"name":"wp","href":"https:\/\/api.w.org\/{rel}","templated":true}]}}

<pre class="tw-data-text tw-text-large tw-ta" dir="ltr" data-placeholder="Traducció"><span class="Y2IQFc" lang="ca"><strong>Telèfon</strong>
964 71 32 54

<strong>Direcció</strong>
Carrer Colón, 14

<strong>Horari</strong>
De dimarts a diumenge de 11.00 a 14.00 h. 
Divendres i dissabte de 16 a 18h. 
</span>(De l'1 de juny fins al 31 d'agost de 
dimarts a diumenge d'11 a 14h. 
Divendres i dissabte vesprades de 17 a 19h.)</pre>
<pre id="tw-target-text" class="tw-data-text tw-text-large tw-ta" dir="ltr" data-placeholder="Traducció"><span class="Y2IQFc" lang="ca">
Adults 2€, jubilats i grups 1€, infants fins a 12 
anys gratuït, acompanyats d'un adult.</span></pre>

Espai sagrat, les criptes de la catedral de Segorbe, vetlen, des del segle XIII, el repòs dels membres més il·lustres de la diòcesi sogorbina: degans, canonges, beneficiats o membres de la insigne família Valero van descansar en aquestes sales de parets eternes.

&nbsp;

La visita a les criptes de la catedral, situades davall de les capelles del claustre, ens permet un recorregut a través de la diòcesi de Segorbe-Castelló, de la seua història i dels seus espais, penetrar en la reconstrucció idealitzada d’una cripta original amb els seus sepulcres i la capella funerària, conéixer la percepció de la mort en la gent del món medieval o assistir a la reflexió d’un vell monjo sobre aquest últim gran viatge.

&nbsp;
