{"id":1760,"date":"2023-01-25T17:40:44","date_gmt":"2023-01-25T16:40:44","guid":{"rendered":"https:\/\/turismo.segorbe.es\/centro-de-interpretacion-torres-de-segorbe\/"},"modified":"2026-06-09T10:33:58","modified_gmt":"2026-06-09T09:33:58","slug":"centro-de-interpretacion-torres-de-segorbe","status":"publish","type":"page","link":"https:\/\/turismo.segorbe.es\/ca\/patrimonio\/museos-y-centros-de-interpretacion\/centro-de-interpretacion-torres-de-segorbe\/","title":{"rendered":"Centre d\u2019Interpretaci\u00f3 Torres de Segorbe"},"content":{"rendered":"","protected":false},"excerpt":{"rendered":"","protected":false},"author":1,"featured_media":0,"parent":2732,"menu_order":1,"comment_status":"closed","ping_status":"closed","template":"","meta":{"_acf_changed":false,"footnotes":""},"class_list":["post-1760","page","type-page","status-publish","hentry"],"acf":{"contenido":[{"acf_fc_layout":"titulo","titulo_pequeno":true,"fondo":""},{"acf_fc_layout":"galeria","full":true,"imagenes":[1761,3071,3074,3077,3080],"fondo":""},{"acf_fc_layout":"informacion_con_texto","informacion":"<pre class=\"tw-data-text tw-text-large tw-ta\" dir=\"ltr\" data-placeholder=\"Traducci\u00f3\"><span class=\"Y2IQFc\" lang=\"ca\"><strong>Tel\u00e8fon<\/strong>\r\n964 71 32 54\r\n\r\n<strong>Direcci\u00f3<\/strong>\r\nCarrer la Torre, acc\u00e9s per la Torre de la Pres\u00f3.\r\n\r\n<strong>Horari\r\n<\/strong>De dimarts a diumenge de 11.00 a 14.00 h. Divendres i dissabte de 16 a 18h.\r\n<\/span><\/pre>\r\n(De l'1 de juny fins al 31 d'agost de dimarts a diumenge d'11 a 14h.\r\n\r\nDivendres i dissabte vesprades de 17 a 19h.)\r\n<pre id=\"tw-target-text\" class=\"tw-data-text tw-text-large tw-ta\" dir=\"ltr\" data-placeholder=\"Traducci\u00f3\"><span class=\"Y2IQFc\" lang=\"ca\"><strong>\r\nPreu<\/strong>\r\nAdults 2\u20ac, jubilats i grups 1\u20ac, nens fins a 12 anys gratu\u00efts.<\/span><\/pre>\r\n&nbsp;","enlace":"","enlace_2":"","enlace_3":"","direccion":"izquierda","texto":"El Centre d\u2019Interpretaci\u00f3 Torres de Sogorb ocupa l\u2019espai de dos dels elements defensius m\u00e9s emblem\u00e0tics, la Torre de la Pres\u00f3, encarregada de defensar la porta de Terol, i la Torre del Botx\u00ed, les dos constru\u00efdes en el segle XIV. En aquest escenari carregat d\u2019hist\u00f2ria es descriu al visitant el canvi des dels primers assentaments fins a la imponent ciutat emmurallada medieval, i mostra la Vila en aquesta \u00e8poca de conviv\u00e8ncia entre musulmans i cristians. En les s\u00f2bries sales de les torres coneixerem alguns dels seus personatges m\u00e9s emblem\u00e0tics: Ab\u016b Sa\u2019\u012bd, Maria de Luna o l\u2019Infant Fortuna.\r\n\r\n&nbsp;\r\n\r\nDes del mirador privilegiat de la part alta de la Torre de la Pres\u00f3 podem admirar el patrimoni hist\u00f2ric i natural de Sogorb.\r\n\r\n&nbsp;\r\n\r\nUn presoner lamenta el seu injust dest\u00ed en una de les masmorres.\r\n\r\n&nbsp;\r\n\r\nUn tram del pas de ronda de la muralla comunica la Torre de la Pres\u00f3 amb la Torre del Botx\u00ed, en qu\u00e8 descobrirem els secrets de l\u2019arquitectura medieval."},{"acf_fc_layout":"video","video":"https:\/\/www.youtube.com\/watch?v=DQ6xAgMvQ_g"}]},"_links":{"self":[{"href":"https:\/\/turismo.segorbe.es\/ca\/wp-json\/wp\/v2\/pages\/1760","targetHints":{"allow":["GET"]}}],"collection":[{"href":"https:\/\/turismo.segorbe.es\/ca\/wp-json\/wp\/v2\/pages"}],"about":[{"href":"https:\/\/turismo.segorbe.es\/ca\/wp-json\/wp\/v2\/types\/page"}],"author":[{"embeddable":true,"href":"https:\/\/turismo.segorbe.es\/ca\/wp-json\/wp\/v2\/users\/1"}],"replies":[{"embeddable":true,"href":"https:\/\/turismo.segorbe.es\/ca\/wp-json\/wp\/v2\/comments?post=1760"}],"version-history":[{"count":0,"href":"https:\/\/turismo.segorbe.es\/ca\/wp-json\/wp\/v2\/pages\/1760\/revisions"}],"up":[{"embeddable":true,"href":"https:\/\/turismo.segorbe.es\/ca\/wp-json\/wp\/v2\/pages\/2732"}],"wp:attachment":[{"href":"https:\/\/turismo.segorbe.es\/ca\/wp-json\/wp\/v2\/media?parent=1760"}],"curies":[{"name":"wp","href":"https:\/\/api.w.org\/{rel}","templated":true}]}}

Centre d’Interpretació Torres de Segorbe

<pre class="tw-data-text tw-text-large tw-ta" dir="ltr" data-placeholder="Traducció"><span class="Y2IQFc" lang="ca"><strong>Telèfon</strong>
964 71 32 54

<strong>Direcció</strong>
Carrer la Torre, accés per la Torre de la Presó.

<strong>Horari
</strong>De dimarts a diumenge de 11.00 a 14.00 h. Divendres i dissabte de 16 a 18h.
</span></pre>
(De l'1 de juny fins al 31 d'agost de dimarts a diumenge d'11 a 14h.

Divendres i dissabte vesprades de 17 a 19h.)
<pre id="tw-target-text" class="tw-data-text tw-text-large tw-ta" dir="ltr" data-placeholder="Traducció"><span class="Y2IQFc" lang="ca"><strong>
Preu</strong>
Adults 2€, jubilats i grups 1€, nens fins a 12 anys gratuïts.</span></pre>
&nbsp;

El Centre d’Interpretació Torres de Sogorb ocupa l’espai de dos dels elements defensius més emblemàtics, la Torre de la Presó, encarregada de defensar la porta de Terol, i la Torre del Botxí, les dos construïdes en el segle XIV. En aquest escenari carregat d’història es descriu al visitant el canvi des dels primers assentaments fins a la imponent ciutat emmurallada medieval, i mostra la Vila en aquesta època de convivència entre musulmans i cristians. En les sòbries sales de les torres coneixerem alguns dels seus personatges més emblemàtics: Abū Sa’īd, Maria de Luna o l’Infant Fortuna.

&nbsp;

Des del mirador privilegiat de la part alta de la Torre de la Presó podem admirar el patrimoni històric i natural de Sogorb.

&nbsp;

Un presoner lamenta el seu injust destí en una de les masmorres.

&nbsp;

Un tram del pas de ronda de la muralla comunica la Torre de la Presó amb la Torre del Botxí, en què descobrirem els secrets de l’arquitectura medieval.
