{"id":1753,"date":"2023-01-25T17:42:33","date_gmt":"2023-01-25T16:42:33","guid":{"rendered":"https:\/\/turismo.segorbe.es\/centro-de-interpretacion-personajes-ilustres-segorbinos-in-memoriam\/"},"modified":"2026-06-09T10:37:16","modified_gmt":"2026-06-09T09:37:16","slug":"centro-de-interpretacion-personajes-ilustres-segorbinos-in-memoriam","status":"publish","type":"page","link":"https:\/\/turismo.segorbe.es\/ca\/patrimonio\/museos-y-centros-de-interpretacion\/centro-de-interpretacion-personajes-ilustres-segorbinos-in-memoriam\/","title":{"rendered":"Centre d\u2019Interpretaci\u00f3 Personatges Il\u00b7lustres Segorbins, In Memoriam"},"content":{"rendered":"","protected":false},"excerpt":{"rendered":"","protected":false},"author":1,"featured_media":0,"parent":2732,"menu_order":1,"comment_status":"closed","ping_status":"closed","template":"","meta":{"_acf_changed":false,"footnotes":""},"class_list":["post-1753","page","type-page","status-publish","hentry"],"acf":{"contenido":[{"acf_fc_layout":"titulo","titulo_pequeno":true,"fondo":""},{"acf_fc_layout":"galeria","full":true,"imagenes":[1754,3083,3086,3089],"fondo":""},{"acf_fc_layout":"informacion_con_texto","informacion":"<strong>Tel\u00e8fon:<\/strong> 964 71 32 54\r\n\r\n<strong>Horaris:\u00a0<\/strong>\r\n\r\nDe dimarts a diumenge de 11.00 a 14.00 h. Divendres i dissabte de 16 a 18h.\r\n\r\n(De l'1 de juny fins al 31 d'agost de dimarts a diumenge d'11 a 14h. Divendres i dissabte vesprades de 17 a 19h.)\r\n\r\n<strong>Preus:<\/strong>\r\n\r\nAdults 2\u20ac, jubilats i grups 1\u20ac i xiquets acompanyats d\u2019 un adult fins als 12 anys, gratis.","enlace":"","enlace_2":"","enlace_3":"","direccion":"izquierda","texto":"Museu interactiu i din\u00e0mic desenvolupar per a con\u00e8ixer la vida les personatges nascuts a Segorbe que van destacar als camps d\u2019art, pol\u00edtica o ci\u00e8ncia. Son:\r\n<ul>\r\n \t<li>Maria de Luna: Senyora de Segorbe i reina d\u2019Arag\u00f3.<\/li>\r\n \t<li>Francesch Vicent: Escaquista, va escriure el primer tractat modern d\u2019escacs.<\/li>\r\n \t<li>Jos\u00e9 Camar\u00f3nBonanat: Pintor, dibuixant i gravador.<\/li>\r\n \t<li>Julio Cervera i Baviera: Enginyer, militar i pol\u00edtic, inventor de la r\u00e0dio.<\/li>\r\n \t<li>Carlos Pau Espa\u00f1ol: Bot\u00e0nic, farmac\u00e8utic i alcalde.<\/li>\r\n<\/ul>"}]},"_links":{"self":[{"href":"https:\/\/turismo.segorbe.es\/ca\/wp-json\/wp\/v2\/pages\/1753","targetHints":{"allow":["GET"]}}],"collection":[{"href":"https:\/\/turismo.segorbe.es\/ca\/wp-json\/wp\/v2\/pages"}],"about":[{"href":"https:\/\/turismo.segorbe.es\/ca\/wp-json\/wp\/v2\/types\/page"}],"author":[{"embeddable":true,"href":"https:\/\/turismo.segorbe.es\/ca\/wp-json\/wp\/v2\/users\/1"}],"replies":[{"embeddable":true,"href":"https:\/\/turismo.segorbe.es\/ca\/wp-json\/wp\/v2\/comments?post=1753"}],"version-history":[{"count":0,"href":"https:\/\/turismo.segorbe.es\/ca\/wp-json\/wp\/v2\/pages\/1753\/revisions"}],"up":[{"embeddable":true,"href":"https:\/\/turismo.segorbe.es\/ca\/wp-json\/wp\/v2\/pages\/2732"}],"wp:attachment":[{"href":"https:\/\/turismo.segorbe.es\/ca\/wp-json\/wp\/v2\/media?parent=1753"}],"curies":[{"name":"wp","href":"https:\/\/api.w.org\/{rel}","templated":true}]}}

Centre d’Interpretació Personatges Il·lustres Segorbins, In Memoriam

<strong>Telèfon:</strong> 964 71 32 54

<strong>Horaris: </strong>

De dimarts a diumenge de 11.00 a 14.00 h. Divendres i dissabte de 16 a 18h.

(De l'1 de juny fins al 31 d'agost de dimarts a diumenge d'11 a 14h. Divendres i dissabte vesprades de 17 a 19h.)

<strong>Preus:</strong>

Adults 2€, jubilats i grups 1€ i xiquets acompanyats d’ un adult fins als 12 anys, gratis.

Museu interactiu i dinàmic desenvolupar per a conèixer la vida les personatges nascuts a Segorbe que van destacar als camps d’art, política o ciència. Son:
<ul>
 	<li>Maria de Luna: Senyora de Segorbe i reina d’Aragó.</li>
 	<li>Francesch Vicent: Escaquista, va escriure el primer tractat modern d’escacs.</li>
 	<li>José CamarónBonanat: Pintor, dibuixant i gravador.</li>
 	<li>Julio Cervera i Baviera: Enginyer, militar i polític, inventor de la ràdio.</li>
 	<li>Carlos Pau Español: Botànic, farmacèutic i alcalde.</li>
</ul>
