{"id":1746,"date":"2023-01-25T17:44:02","date_gmt":"2023-01-25T16:44:02","guid":{"rendered":"https:\/\/turismo.segorbe.es\/exposicion-de-gigantes-y-cabezudos\/"},"modified":"2023-09-17T09:32:30","modified_gmt":"2023-09-17T08:32:30","slug":"exposicion-de-gigantes-y-cabezudos","status":"publish","type":"page","link":"https:\/\/turismo.segorbe.es\/ca\/patrimonio\/museos-y-centros-de-interpretacion\/exposicion-de-gigantes-y-cabezudos\/","title":{"rendered":"Exposici\u00f3 de Gegants i Cabuts de Segorbe"},"content":{"rendered":"","protected":false},"excerpt":{"rendered":"","protected":false},"author":1,"featured_media":0,"parent":2732,"menu_order":1,"comment_status":"closed","ping_status":"closed","template":"","meta":{"_acf_changed":false,"footnotes":""},"class_list":["post-1746","page","type-page","status-publish","hentry"],"acf":{"contenido":[{"acf_fc_layout":"titulo","titulo_pequeno":true,"fondo":""},{"acf_fc_layout":"galeria","full":false,"imagenes":[1747,3358],"fondo":""},{"acf_fc_layout":"informacion_con_texto","informacion":"<strong>Direcci\u00f3<\/strong>\r\nPrimera planta edifici de loficina de turisme i el Centre dInterpretaci\u00f3 de lEntrada de Bous i Cavalls.\r\n\r\n<strong>Horari<\/strong>\r\nDe dilluns a divendres de 9 a 14h i de 16 a 18h. Dissabtes de 10 a 14h. i de 16 a 18h. Diumenge i festiu de 10 a 14h.\r\n\r\n<strong>Preu<\/strong>\r\nEntrada gratu\u00efta.","enlace":"","enlace_2":"","enlace_3":"","direccion":"izquierda","texto":"&nbsp;\r\n\r\n&nbsp;\r\n\r\nEls gegants i cabuts son un s\u00edmbol a les festes segorbines. Son una tradici\u00f3 popular que es celebra en moltes festes locals. A Segorbe aquestes figures grans fan un preludi de les festes m\u00e9s importants de la ciutat. Dites figures desfilen a la darreria d\u2019agost quan comencen les festes patronals i a la celebraci\u00f3 del Corpus Christi de la ciutat.\r\n\r\nLa tradici\u00f3 consisteix en fer desfilar les figures i fer-les ballar a les places principals de la poblaci\u00f3, els cabuts perseguint a la gent que acudeix a la festa, normalment als xiquets que els esperen amb nerviosisme i curiositat.\r\n\r\nEls gegants son figures de diversos metres d\u2019altura portats per una sola persona, aquest fa girar i ballar al gegant al so de can\u00e7ons de la banda de m\u00fasica de la ciutat.\r\n\r\nLes figures son fetes de cartr\u00f3 \u2013 pedra, amb una carcassa de fusta que es cobreix per robes amples. Els gegants tenen altura desproporcionada, fent un efecte de noblesa, figures que representen normalment arquetipus populars o figures hist\u00f2riques de rellev\u00e0ncia local, mentre que els cabuts, de menys altura, destaquen per la proporci\u00f3 del cap, donant-li un efecte m\u00e9s c\u00f2mic o mitol\u00f2gic.\r\n\r\nA Segorbe, hi ha hagut tres generacions de colossos, fins ara desconeguts, sempre han representat les races del m\u00f3n: l\u2019africana, l\u2019asi\u00e0tica i l\u2019europea (cauc\u00e0sica), compostes per tres parelles i aquestes, i aquestes, al seu torn, formades per una figura masculina i altra femenina, popularment conegudes a la nostra ciutat com:\r\n<ul>\r\n \t<li>Ra\u00e7a africana: El Moro i la Mora<\/li>\r\n \t<li>Ra\u00e7a asi\u00e0tica: El Xin\u00e8s i la Xinesa<\/li>\r\n \t<li>Ra\u00e7a europea (cauc\u00e0sica): El Rei i la Reina.<\/li>\r\n<\/ul>\r\n<u>Primera generaci\u00f3<\/u>\r\n\r\nLa primera generaci\u00f3 de Gegants de la qual tenim const\u00e0ncia, data d\u2019abans de la Guerra Civil espanyola, no es pot datar amb exactitud, ja que es manca d\u2019arxius escrits que testimonien dades d\u2019aquesta generaci\u00f3.\r\n\r\nAix\u00ed com desconeixem\u00a0 dades substancials del seu origen, tamb\u00e9 desconeixem dades de la seua desaparici\u00f3, per\u00f2 es pot adoptar l\u2019idea de que aquesta generaci\u00f3 de gegants va ser destru\u00efda al conflicte b\u00e8l\u00b7lic que tants destrosses va fer a la nostra regi\u00f3 a juliol del 1938, ja que nombrosos bombardejos van devastar edificis de nostra localitat. Podem pensar que les figures no van c\u00f3rrer millor sort.\u00a0 Tot i la suposada brevetat de la seua exist\u00e8ncia, van marcar una tradici\u00f3 que, com vorem, seguiria sent respectada i admirada per les generacions futures de segorbins i segorbines.\r\n\r\n<u>Segona generaci\u00f3<\/u>\r\n\r\nA l\u2019any 1941, un grup d\u2019artistes segorbins, va plasmar la idea de que des de feia molt de temps rondava pel seu cap: recuperar la tradici\u00f3 dels gegants. Aquest grup d\u2019artesans, de ben segur, recordaria amb enyoran\u00e7a les desmesurades figures que abans de la Guerra Civil feien desfilada pels carrers de Segorbe real\u00e7aven els esdeveniments en els quals hi participaven. Per aix\u00f2, els artistes Ricardo i Francisco Mart\u00edn, Jacinto Garc\u00e9s i Jos\u00e9 Lino, decidits, van empendre l\u2019assemblatge de les ef\u00edgies colossals amb materials humils: tela, cartr\u00f3 i fusta, i valent-se de les seues mans experts i incansables, van donar forma al cartr\u00f3 i per la festivitat del Corpus Christi de l\u2019any 1941, les noves figures van ser presentades davant la sorpresa i admiraci\u00f3, tenint lloc la seua primera cercavila en aquesta data tan senyalada del Calendari Lit\u00fargic Cristi\u00e0; festa en la que tradicionalment per tota Espanya, els Gegants i Cabuts acompanyen en process\u00f3 al Sant\u00edssim sagrament o\u00a0 la Sagrada Forma, portada pel Senyor\u00a0 Bisbe.\r\n\r\nPer quasi sis d\u00e8cades, aquestos colossos van real\u00e7ar diversos actes de les Festes de Segorbe (cercavila del cap de setmana del Corpus, la inauguraci\u00f3 de la loteria i van estar presents a l\u2019escenari a una presentaci\u00f3 de la Reina de les Festes) i van formar part en esdeveniments senyalats i trobades de tota la geografia espanyola.\r\n\r\nAquesta generaci\u00f3 de gegants va perdurar en el temps fins a l\u2019any 2000, any en que l\u2019Ajuntament decideix retirar dites figures degut al seu estat de deteriorament avan\u00e7at. Cal destacar que els materials amb els que foren constru\u00efdes, son prou sensibles al vaiv\u00e9 del pas dels anys (viatges, transports, arranjaments...).\r\n\r\n<u>Restauraci\u00f3 dels antics gegants i cabuts <\/u>\r\n\r\nEls antics Gegants i Cabuts de Segorbe van ser restaurats l\u2019estiu de l\u2019any 2016 per un grup de persones: Pilar I. Devesa, Amparo Garnes, Asunci\u00f3n G\u00f3mez, Jes\u00fas Zaf\u00f3n, Jos\u00e9 Luis Garnes i Sebasti\u00e1n Garnes, quins van reparar \u00edntegrament els caps dels mateixos, les quals es trobaven deteriorades. Per a aix\u00f2 diverses associacions segorbines van cedir els seus locals de forma volunt\u00e0ria per a les tasques, que van durar dos mesos aproximadament.\r\n\r\nAquestos exemplars pots veure\u2019ls als carrers de Segorbe a les dades assenyalades o a l\u2019exposici\u00f3 dels antics gegants i cabuts de la ciutat, situada al mateix edifici que l\u2019Oficina de Turisme i l\u2019entrada \u00e9s gratu\u00efta. (Informaci\u00f3 cedida per Sebasti\u00e1n Garnes i Jes\u00fas Zaf\u00f3n). Si vols con\u00e8ixer m\u00e9s de la restauraci\u00f3 de la segona generaci\u00f3 de gegants i cabuts segueix el seg\u00fcent enlla\u00e7: <a href=\"https:\/\/drive.google.com\/file\/d\/1kqEeZXyHWArb_dSshraPsCVqc2b1NkCi\/view?usp=sharing\">Restauraci\u00f3gegants y cabuts Segorbe (castell\u00e0).\u00a0<\/a>"}]},"_links":{"self":[{"href":"https:\/\/turismo.segorbe.es\/ca\/wp-json\/wp\/v2\/pages\/1746","targetHints":{"allow":["GET"]}}],"collection":[{"href":"https:\/\/turismo.segorbe.es\/ca\/wp-json\/wp\/v2\/pages"}],"about":[{"href":"https:\/\/turismo.segorbe.es\/ca\/wp-json\/wp\/v2\/types\/page"}],"author":[{"embeddable":true,"href":"https:\/\/turismo.segorbe.es\/ca\/wp-json\/wp\/v2\/users\/1"}],"replies":[{"embeddable":true,"href":"https:\/\/turismo.segorbe.es\/ca\/wp-json\/wp\/v2\/comments?post=1746"}],"version-history":[{"count":0,"href":"https:\/\/turismo.segorbe.es\/ca\/wp-json\/wp\/v2\/pages\/1746\/revisions"}],"up":[{"embeddable":true,"href":"https:\/\/turismo.segorbe.es\/ca\/wp-json\/wp\/v2\/pages\/2732"}],"wp:attachment":[{"href":"https:\/\/turismo.segorbe.es\/ca\/wp-json\/wp\/v2\/media?parent=1746"}],"curies":[{"name":"wp","href":"https:\/\/api.w.org\/{rel}","templated":true}]}}

Exposició de Gegants i Cabuts de Segorbe

<strong>Direcció</strong>
Primera planta edifici de loficina de turisme i el Centre dInterpretació de lEntrada de Bous i Cavalls.

<strong>Horari</strong>
De dilluns a divendres de 9 a 14h i de 16 a 18h. Dissabtes de 10 a 14h. i de 16 a 18h. Diumenge i festiu de 10 a 14h.

<strong>Preu</strong>
Entrada gratuïta.

&nbsp;

&nbsp;

Els gegants i cabuts son un símbol a les festes segorbines. Son una tradició popular que es celebra en moltes festes locals. A Segorbe aquestes figures grans fan un preludi de les festes més importants de la ciutat. Dites figures desfilen a la darreria d’agost quan comencen les festes patronals i a la celebració del Corpus Christi de la ciutat.

La tradició consisteix en fer desfilar les figures i fer-les ballar a les places principals de la població, els cabuts perseguint a la gent que acudeix a la festa, normalment als xiquets que els esperen amb nerviosisme i curiositat.

Els gegants son figures de diversos metres d’altura portats per una sola persona, aquest fa girar i ballar al gegant al so de cançons de la banda de música de la ciutat.

Les figures son fetes de cartró – pedra, amb una carcassa de fusta que es cobreix per robes amples. Els gegants tenen altura desproporcionada, fent un efecte de noblesa, figures que representen normalment arquetipus populars o figures històriques de rellevància local, mentre que els cabuts, de menys altura, destaquen per la proporció del cap, donant-li un efecte més còmic o mitològic.

A Segorbe, hi ha hagut tres generacions de colossos, fins ara desconeguts, sempre han representat les races del món: l’africana, l’asiàtica i l’europea (caucàsica), compostes per tres parelles i aquestes, i aquestes, al seu torn, formades per una figura masculina i altra femenina, popularment conegudes a la nostra ciutat com:
<ul>
 	<li>Raça africana: El Moro i la Mora</li>
 	<li>Raça asiàtica: El Xinès i la Xinesa</li>
 	<li>Raça europea (caucàsica): El Rei i la Reina.</li>
</ul>
<u>Primera generació</u>

La primera generació de Gegants de la qual tenim constància, data d’abans de la Guerra Civil espanyola, no es pot datar amb exactitud, ja que es manca d’arxius escrits que testimonien dades d’aquesta generació.

Així com desconeixem  dades substancials del seu origen, també desconeixem dades de la seua desaparició, però es pot adoptar l’idea de que aquesta generació de gegants va ser destruïda al conflicte bèl·lic que tants destrosses va fer a la nostra regió a juliol del 1938, ja que nombrosos bombardejos van devastar edificis de nostra localitat. Podem pensar que les figures no van córrer millor sort.  Tot i la suposada brevetat de la seua existència, van marcar una tradició que, com vorem, seguiria sent respectada i admirada per les generacions futures de segorbins i segorbines.

<u>Segona generació</u>

A l’any 1941, un grup d’artistes segorbins, va plasmar la idea de que des de feia molt de temps rondava pel seu cap: recuperar la tradició dels gegants. Aquest grup d’artesans, de ben segur, recordaria amb enyorança les desmesurades figures que abans de la Guerra Civil feien desfilada pels carrers de Segorbe realçaven els esdeveniments en els quals hi participaven. Per això, els artistes Ricardo i Francisco Martín, Jacinto Garcés i José Lino, decidits, van empendre l’assemblatge de les efígies colossals amb materials humils: tela, cartró i fusta, i valent-se de les seues mans experts i incansables, van donar forma al cartró i per la festivitat del Corpus Christi de l’any 1941, les noves figures van ser presentades davant la sorpresa i admiració, tenint lloc la seua primera cercavila en aquesta data tan senyalada del Calendari Litúrgic Cristià; festa en la que tradicionalment per tota Espanya, els Gegants i Cabuts acompanyen en processó al Santíssim sagrament o  la Sagrada Forma, portada pel Senyor  Bisbe.

Per quasi sis dècades, aquestos colossos van realçar diversos actes de les Festes de Segorbe (cercavila del cap de setmana del Corpus, la inauguració de la loteria i van estar presents a l’escenari a una presentació de la Reina de les Festes) i van formar part en esdeveniments senyalats i trobades de tota la geografia espanyola.

Aquesta generació de gegants va perdurar en el temps fins a l’any 2000, any en que l’Ajuntament decideix retirar dites figures degut al seu estat de deteriorament avançat. Cal destacar que els materials amb els que foren construïdes, son prou sensibles al vaivé del pas dels anys (viatges, transports, arranjaments...).

<u>Restauració dels antics gegants i cabuts </u>

Els antics Gegants i Cabuts de Segorbe van ser restaurats l’estiu de l’any 2016 per un grup de persones: Pilar I. Devesa, Amparo Garnes, Asunción Gómez, Jesús Zafón, José Luis Garnes i Sebastián Garnes, quins van reparar íntegrament els caps dels mateixos, les quals es trobaven deteriorades. Per a això diverses associacions segorbines van cedir els seus locals de forma voluntària per a les tasques, que van durar dos mesos aproximadament.

Aquestos exemplars pots veure’ls als carrers de Segorbe a les dades assenyalades o a l’exposició dels antics gegants i cabuts de la ciutat, situada al mateix edifici que l’Oficina de Turisme i l’entrada és gratuïta. (Informació cedida per Sebastián Garnes i Jesús Zafón). Si vols conèixer més de la restauració de la segona generació de gegants i cabuts segueix el següent enllaç: <a href="https://drive.google.com/file/d/1kqEeZXyHWArb_dSshraPsCVqc2b1NkCi/view?usp=sharing">Restauraciógegants y cabuts Segorbe (castellà). </a>
