{"id":1739,"date":"2023-01-25T17:52:14","date_gmt":"2023-01-25T16:52:14","guid":{"rendered":"https:\/\/turismo.segorbe.es\/catedral-basilica\/"},"modified":"2023-09-16T15:02:52","modified_gmt":"2023-09-16T14:02:52","slug":"catedral-basilica","status":"publish","type":"page","link":"https:\/\/turismo.segorbe.es\/ca\/patrimonio\/patrimonio-religioso\/catedral-basilica\/","title":{"rendered":"Catedral Bas\u00edlica"},"content":{"rendered":"","protected":false},"excerpt":{"rendered":"","protected":false},"author":1,"featured_media":0,"parent":2739,"menu_order":0,"comment_status":"closed","ping_status":"closed","template":"","meta":{"_acf_changed":false,"footnotes":""},"class_list":["post-1739","page","type-page","status-publish","hentry"],"acf":{"contenido":[{"acf_fc_layout":"titulo","titulo_pequeno":true,"fondo":""},{"acf_fc_layout":"galeria","full":true,"imagenes":[1740,3104,3107,3110,3113,3116],"fondo":""},{"acf_fc_layout":"texto","diseno":"peq","texto":"La catedral bas\u00edlica de Sogorb, constru\u00efda sobre l\u2019antiga mesquita despr\u00e9s de la conquista d\u2019aquestes terres per part de la Corona d\u2019Arag\u00f3, va ser concebuda en estil g\u00f2tic, all\u00e0 pel segle XII, adossada a la muralla sud de la ciutat. Va ser ampliada, sempre cap al nord, en els segles successius. L\u2019\u00faltima gran renovaci\u00f3 es va realitzar en el segle XVIII per a adaptar-la als gustos il\u00b7lustrats de l\u2019\u00e8poca.\r\n\r\n&nbsp;\r\n\r\nLa catedral \u00e9s un conjunt art\u00edstic format pel temple, la torre campanar, el claustre i el museu catedralici.\r\n\r\n&nbsp;\r\n\r\nLes successives ampliacions del temple han anat transformant la seua fisonomia, a la qual es van incorporar nous estils segons el segle en qu\u00e8 es van realitzar. Destaca per la seua rellev\u00e0ncia la reforma realitzada entre 1791 i 1795, en qu\u00e8 l\u2019arquitecte Vicent Gasc\u00f3, quan Lorenzo G\u00f3mez d\u2019Haedo era bisbe de Sogorb, va reutilitzar els materials extrets de l\u2019enderrocament total del castell de Sope\u00f1a per a reedificar-la. Aquest la va convertir en l\u2019\u00fanic exemplar purament academicista de l\u2019arquitectura religiosa a Espanya, en la nau de la qual podrem admirar les pintures de Josep Vergara i, sobretot, els frescos de la volta, obra de Manuel Camaron i Llu\u00eds Planes.\r\n\r\n&nbsp;\r\n\r\nDel pl\u00e0cid claustre g\u00f2tic invita a la meditaci\u00f3, constru\u00eft entre els segles XIII i XIV, en destaca la planta trapezo\u00efdal for\u00e7ada per la seua proximitat a la muralla. Al seu voltant encara conserva set de les capelles originals, entre les quals destaca la Capella del Salvador (s. XVI). La podem descobrir darrere de la daurada porta barroca procedent de la Cartoixa de Valldecrist, emmarcada en una bella portada g\u00f2tica. Al seu interior podem contemplar l\u2019esglaiador sepulcre dels Vallterra i el gran retaule major de la catedral (s. XVI), de l\u2019insigne pintor valenci\u00e0 Vicent Macip i del seu fill Joan de Joanes, obra clau de la pintura renaixentista espanyola.\r\n\r\n&nbsp;\r\n\r\nEl Museu Catedralici est\u00e0 considerat un dels m\u00e9s importants en art sacre de la Comunitat Valenciana.","fondo":""}]},"_links":{"self":[{"href":"https:\/\/turismo.segorbe.es\/ca\/wp-json\/wp\/v2\/pages\/1739","targetHints":{"allow":["GET"]}}],"collection":[{"href":"https:\/\/turismo.segorbe.es\/ca\/wp-json\/wp\/v2\/pages"}],"about":[{"href":"https:\/\/turismo.segorbe.es\/ca\/wp-json\/wp\/v2\/types\/page"}],"author":[{"embeddable":true,"href":"https:\/\/turismo.segorbe.es\/ca\/wp-json\/wp\/v2\/users\/1"}],"replies":[{"embeddable":true,"href":"https:\/\/turismo.segorbe.es\/ca\/wp-json\/wp\/v2\/comments?post=1739"}],"version-history":[{"count":0,"href":"https:\/\/turismo.segorbe.es\/ca\/wp-json\/wp\/v2\/pages\/1739\/revisions"}],"up":[{"embeddable":true,"href":"https:\/\/turismo.segorbe.es\/ca\/wp-json\/wp\/v2\/pages\/2739"}],"wp:attachment":[{"href":"https:\/\/turismo.segorbe.es\/ca\/wp-json\/wp\/v2\/media?parent=1739"}],"curies":[{"name":"wp","href":"https:\/\/api.w.org\/{rel}","templated":true}]}}

Catedral Basílica

La catedral basílica de Sogorb, construïda sobre l’antiga mesquita després de la conquista d’aquestes terres per part de la Corona d’Aragó, va ser concebuda en estil gòtic, allà pel segle XII, adossada a la muralla sud de la ciutat. Va ser ampliada, sempre cap al nord, en els segles successius. L’última gran renovació es va realitzar en el segle XVIII per a adaptar-la als gustos il·lustrats de l’època.

&nbsp;

La catedral és un conjunt artístic format pel temple, la torre campanar, el claustre i el museu catedralici.

&nbsp;

Les successives ampliacions del temple han anat transformant la seua fisonomia, a la qual es van incorporar nous estils segons el segle en què es van realitzar. Destaca per la seua rellevància la reforma realitzada entre 1791 i 1795, en què l’arquitecte Vicent Gascó, quan Lorenzo Gómez d’Haedo era bisbe de Sogorb, va reutilitzar els materials extrets de l’enderrocament total del castell de Sopeña per a reedificar-la. Aquest la va convertir en l’únic exemplar purament academicista de l’arquitectura religiosa a Espanya, en la nau de la qual podrem admirar les pintures de Josep Vergara i, sobretot, els frescos de la volta, obra de Manuel Camaron i Lluís Planes.

&nbsp;

Del plàcid claustre gòtic invita a la meditació, construït entre els segles XIII i XIV, en destaca la planta trapezoïdal forçada per la seua proximitat a la muralla. Al seu voltant encara conserva set de les capelles originals, entre les quals destaca la Capella del Salvador (s. XVI). La podem descobrir darrere de la daurada porta barroca procedent de la Cartoixa de Valldecrist, emmarcada en una bella portada gòtica. Al seu interior podem contemplar l’esglaiador sepulcre dels Vallterra i el gran retaule major de la catedral (s. XVI), de l’insigne pintor valencià Vicent Macip i del seu fill Joan de Joanes, obra clau de la pintura renaixentista espanyola.

&nbsp;

El Museu Catedralici està considerat un dels més importants en art sacre de la Comunitat Valenciana.
