{"id":1704,"date":"2023-01-25T18:00:22","date_gmt":"2023-01-25T17:00:22","guid":{"rendered":"https:\/\/turismo.segorbe.es\/seminario\/"},"modified":"2023-09-16T15:17:56","modified_gmt":"2023-09-16T14:17:56","slug":"seminario","status":"publish","type":"page","link":"https:\/\/turismo.segorbe.es\/ca\/patrimonio\/patrimonio-religioso\/seminario\/","title":{"rendered":"Seminari"},"content":{"rendered":"","protected":false},"excerpt":{"rendered":"","protected":false},"author":1,"featured_media":0,"parent":2739,"menu_order":0,"comment_status":"closed","ping_status":"closed","template":"","meta":{"_acf_changed":false,"footnotes":""},"class_list":["post-1704","page","type-page","status-publish","hentry"],"acf":{"contenido":[{"acf_fc_layout":"titulo","titulo_pequeno":true,"fondo":""},{"acf_fc_layout":"galeria","full":true,"imagenes":[1705,3167,3170,3173,3176],"fondo":""},{"acf_fc_layout":"texto","diseno":"peq","texto":"Les edificacions corresponen al segle XVII i van pert\u00e0nyer a l\u2019orde dels jesu\u00eftes fins a la seua expulsi\u00f3 en 1771. Col\u00b7legi i resid\u00e8ncia s\u2019estructuren en una doble ala que d\u00f3na a la zona dels horts, l\u2019eix de la qual est\u00e0 marcat per una gran escalinata rematada en c\u00fapula. Entre aquestes i la fa\u00e7ana principal, hi ha un doble claustre i l\u2019esgl\u00e9sia. Destaca encara hui aquesta esgl\u00e9sia, amb planta de creu llatina, d\u2019una sola nau i tribuna sobre les capelles. El conjunt est\u00e0 dominat per la gran c\u00fapula, amb llum pr\u00f2pia en el tambor i abundant talla barroca i esgrafiat.\r\n\r\n&nbsp;\r\n\r\nLa fa\u00e7ana principal s\u2019adapta a la irregularitat del carrer sorgit extramurs. En la seua sobrietat, destaquen la portada del temple i la d\u2019acc\u00e9s al carrer. \u00c9s allindada i est\u00e0 flanquejada per columnes cor\u00ednties i \u00e0tic que emmarca el gran balc\u00f3.","fondo":""}]},"_links":{"self":[{"href":"https:\/\/turismo.segorbe.es\/ca\/wp-json\/wp\/v2\/pages\/1704","targetHints":{"allow":["GET"]}}],"collection":[{"href":"https:\/\/turismo.segorbe.es\/ca\/wp-json\/wp\/v2\/pages"}],"about":[{"href":"https:\/\/turismo.segorbe.es\/ca\/wp-json\/wp\/v2\/types\/page"}],"author":[{"embeddable":true,"href":"https:\/\/turismo.segorbe.es\/ca\/wp-json\/wp\/v2\/users\/1"}],"replies":[{"embeddable":true,"href":"https:\/\/turismo.segorbe.es\/ca\/wp-json\/wp\/v2\/comments?post=1704"}],"version-history":[{"count":0,"href":"https:\/\/turismo.segorbe.es\/ca\/wp-json\/wp\/v2\/pages\/1704\/revisions"}],"up":[{"embeddable":true,"href":"https:\/\/turismo.segorbe.es\/ca\/wp-json\/wp\/v2\/pages\/2739"}],"wp:attachment":[{"href":"https:\/\/turismo.segorbe.es\/ca\/wp-json\/wp\/v2\/media?parent=1704"}],"curies":[{"name":"wp","href":"https:\/\/api.w.org\/{rel}","templated":true}]}}

Les edificacions corresponen al segle XVII i van pertànyer a l’orde dels jesuïtes fins a la seua expulsió en 1771. Col·legi i residència s’estructuren en una doble ala que dóna a la zona dels horts, l’eix de la qual està marcat per una gran escalinata rematada en cúpula. Entre aquestes i la façana principal, hi ha un doble claustre i l’església. Destaca encara hui aquesta església, amb planta de creu llatina, d’una sola nau i tribuna sobre les capelles. El conjunt està dominat per la gran cúpula, amb llum pròpia en el tambor i abundant talla barroca i esgrafiat.

&nbsp;

La façana principal s’adapta a la irregularitat del carrer sorgit extramurs. En la seua sobrietat, destaquen la portada del temple i la d’accés al carrer. És allindada i està flanquejada per columnes corínties i àtic que emmarca el gran balcó.
